{"id":7414,"date":"2020-09-03T08:49:41","date_gmt":"2020-09-03T06:49:41","guid":{"rendered":"https:\/\/www.forempleo.com\/alumnos2020\/?page_id=7414"},"modified":"2020-09-24T18:29:31","modified_gmt":"2020-09-24T16:29:31","slug":"participa-expositor","status":"publish","type":"page","link":"https:\/\/forempleo.uc3m.es\/visitantes2025\/participa-expositor\/","title":{"rendered":"Participa como expositor"},"content":{"rendered":"<section class=\"l-section wpb_row height_medium\"><div class=\"l-section-h i-cf\"><div class=\"g-cols vc_row via_flex valign_top type_default stacking_default\"><div class=\"vc_col-sm-12 wpb_column vc_column_container\"><div class=\"vc_column-inner\"><div class=\"wpb_wrapper\"><div class=\"wpb_text_column\"><div class=\"wpb_wrapper\"><h1 style=\"text-align: center\">Participa como expositor<\/h1>\n<\/div><\/div><div class=\"w-separator size_small\"><\/div><div class=\"g-cols wpb_row via_flex valign_top type_default stacking_default\"><div class=\"vc_col-sm-12 wpb_column vc_column_container\"><div class=\"vc_column-inner\"><div class=\"wpb_wrapper\"><div class=\"wpb_text_column us_custom_6217dcc9\"><div class=\"wpb_wrapper\"><p><strong>La Universidad Carlos III de Madrid<\/strong> es un centro de formaci\u00f3n de referencia a nivel nacional y una de las mejores canteras de <strong>talento en diferentes \u00e1mbitos<\/strong>: Ingenier\u00edas, Derecho, Comunicaci\u00f3n, etc.<\/p>\n<p>Este a\u00f1o, debido a la situaci\u00f3n que ha generado el COVID-19, organizamos el <strong>Foro de Empleo Virtual de la UC3M<\/strong>, siempre con el objetivo de facilitar y favorecer el contacto entre estudiantes y reci\u00e9n titulados que buscan desarrollar su carrera profesional y empresas que buscan talento para sus organizaciones.<\/p>\n<p>Adem\u00e1s, si eres <strong>antiguo alumno<\/strong> y tienes tu propia empresa, inf\u00f3rmate de los <strong>importantes descuentos<\/strong> para participar en Forempleo.<\/p>\n<\/div><\/div><\/div><\/div><\/div><\/div><div class=\"w-separator size_small\"><\/div><div class=\"w-btn-wrapper align_center\"><a class=\"w-btn us-btn-style_1\" title=\"M\u00e1s informaci\u00f3n\" href=\"mailto:forempleo@fund.uc3m.es\"><span class=\"w-btn-label\">M\u00e1s informaci\u00f3n<\/span><\/a><\/div><\/div><\/div><\/div><\/div><\/div><\/section><section class=\"l-section wpb_row height_auto\"><div class=\"l-section-h i-cf\"><div class=\"g-cols vc_row via_flex valign_top type_default stacking_default\"><div class=\"vc_col-sm-4 wpb_column vc_column_container us_animate_afb\" style=\"animation-delay:0s\"><div class=\"vc_column-inner\"><div class=\"wpb_wrapper\"><div class=\"w-iconbox iconpos_top style_default color_primary align_left\"><div class=\"w-iconbox-icon\" style=\"font-size:2rem;\"><i class=\"fal fa-store-alt\"><\/i><\/div><div class=\"w-iconbox-meta\"><h6 class=\"w-iconbox-title\" style=\"font-size:28px;\">Stands<\/h6><div class=\"w-iconbox-text\"><p>Diferentes dise\u00f1os y recepcionistas con los que personalizar tu plataforma.<br \/>\n100% m\u00f3vil y f\u00e1cil de manejar a trav\u00e9s del sistema de gesti\u00f3n de contenido online.<br \/>\nIncluye:<\/p>\n<p><strong>Descripci\u00f3n de la entidad:<\/strong> Imagen, informaci\u00f3n adicional, slogan, persona de contacto.<\/p>\n<p><strong>Videos:<\/strong> podr\u00e1s subir hasta 10 v\u00eddeos por stand.<\/p>\n<p><strong>Descargas:\u00a0<\/strong>hasta 15 documentos que podr\u00e1n ser descargados en cada uno.<\/p>\n<p><strong>RRSS:<\/strong> links a vuestros perfiles de Facebook, LinkedIn, Twitter, YouTube e Instagram.<\/p>\n<p><strong>Buz\u00f3n 24h:<\/strong>\u00a0Mensajes dejados para el expositor y accesibles desde el Gestor de Contenidos.<\/p>\n<p><strong>Ofertas\/productos: <\/strong>Ilimitadas y gestionadas por cada stand. Con nombre, descripci\u00f3n, foto y enlace.<\/p>\n<\/div><\/div><\/div><\/div><\/div><\/div><div class=\"vc_col-sm-4 wpb_column vc_column_container us_animate_afb\" style=\"animation-delay:0s\"><div class=\"vc_column-inner\"><div class=\"wpb_wrapper\"><div class=\"w-iconbox iconpos_top style_default color_primary align_left\"><div class=\"w-iconbox-icon\" style=\"font-size:2rem;\"><i class=\"fal fa-users\"><\/i><\/div><div class=\"w-iconbox-meta\"><h6 class=\"w-iconbox-title\" style=\"font-size:28px;\">Interacciones con los visitantes<\/h6><div class=\"w-iconbox-text\"><p><strong>Chat Privado:<\/strong> Ilimitados 1 a 1. Las conversaciones pueden empezar por el expositor o por el visitante. El expositor puede ver el<br \/>\nperfil del visitante en el fondo de la pantalla haciendo clic en el bot\u00f3n al lado del nombre del visitante.<\/p>\n<p><strong>Chat P\u00fablico:<\/strong> Abierto a todos. Mantiene las conversaciones anteriores para nuevos visitantes. La entidad puede anunciarlos en la<br \/>\nagenda del evento.<\/p>\n<p><strong>Exportaci\u00f3n de chats:<\/strong> Como expositor en formato .txt. Enlace con sky o cualquier herramienta de videollamada que utilice su empresa para establecer conversaciones con los visitantes.<\/p>\n<\/div><\/div><\/div><\/div><\/div><\/div><div class=\"vc_col-sm-4 wpb_column vc_column_container us_animate_afb\" style=\"animation-delay:0s\"><div class=\"vc_column-inner\"><div class=\"wpb_wrapper\"><div class=\"w-iconbox iconpos_top style_default color_primary align_left\"><div class=\"w-iconbox-icon\" style=\"font-size:2rem;\"><i class=\"fal fa-random\"><\/i><\/div><div class=\"w-iconbox-meta\"><h6 class=\"w-iconbox-title\" style=\"font-size:28px;\">M\u00e1s Servicios<\/h6><div class=\"w-iconbox-text\"><p><strong>Agenda de Webinar:<\/strong> Utilizando el software que elij\u00e1is.<\/p>\n<p><strong>Interacci\u00f3n con visitantes<\/strong> a trav\u00e9s de diferentes plataformas (chat escritos y videollamadas).<\/p>\n<p><strong>Calendario personalizado<\/strong> de disponibilidad horaria para interaccionar con los visitantes.<\/p>\n<\/div><\/div><\/div><\/div><\/div><\/div><\/div><\/div><\/section><section class=\"l-section wpb_row height_medium\"><div class=\"l-section-h i-cf\"><div class=\"g-cols vc_row via_flex valign_top type_default stacking_default\"><div class=\"vc_col-sm-4 wpb_column vc_column_container us_animate_afb\" style=\"animation-delay:0s\"><div class=\"vc_column-inner\"><div class=\"wpb_wrapper\"><div class=\"w-iconbox iconpos_top style_default color_primary align_left\"><div class=\"w-iconbox-icon\" style=\"font-size:2rem;\"><i class=\"fal fa-plug\"><\/i><\/div><div class=\"w-iconbox-meta\"><h6 class=\"w-iconbox-title\" style=\"font-size:28px;\">Gestor de contenidos online<\/h6><div class=\"w-iconbox-text\"><p>Cada expositor recibe un usuario \u00fanico y contrase\u00f1a para administrar su stand en tiempo real. Subir informaci\u00f3n, descargar datos de visitantes&#8230; 100% m\u00f3vil.<\/p>\n<p><strong>Gesti\u00f3n del stand:<\/strong> Subir la informaci\u00f3n que se muestra en el stand en tiempo real y leer los mensajes en la bandeja de entrada. Personalizaci\u00f3n del stand (plantillas, logotipo, decoraci\u00f3n).<\/p>\n<p><strong>Acceso a los contactos:<\/strong> Obtener en tiempo real informaci\u00f3n de contacto de los visitantes al stand. Permite exportaci\u00f3n a .xls y filtro sem\u00e1ntico.<\/p>\n<p><strong>Gesti\u00f3n de los Productos:<\/strong> Se pueden crear y editar productos ilimitados, definidos con nombre, descripci\u00f3n, foto y enlace a m\u00e1s informaci\u00f3n.<\/p>\n<\/div><\/div><\/div><\/div><\/div><\/div><div class=\"vc_col-sm-4 wpb_column vc_column_container us_animate_afb\" style=\"animation-delay:0s\"><div class=\"vc_column-inner\"><div class=\"wpb_wrapper\"><div class=\"w-iconbox iconpos_top style_default color_primary align_left\"><div class=\"w-iconbox-icon\" style=\"font-size:2rem;\"><i class=\"fal fa-bullhorn\"><\/i><\/div><div class=\"w-iconbox-meta\"><h6 class=\"w-iconbox-title\" style=\"font-size:28px;\">Difusi\u00f3n<\/h6><div class=\"w-iconbox-text\"><p><strong>Campa\u00f1a de difusi\u00f3n del foro virtual<\/strong> entre todo el \u00e1mbito de influencia de la Universidad Carlos III de Madrid a trav\u00e9s de mailings para estudiantes y reci\u00e9n titulados, carteler\u00eda digital, redes sociales, etc..<\/p>\n<\/div><\/div><\/div><\/div><\/div><\/div><div class=\"vc_col-sm-4 wpb_column vc_column_container\"><div class=\"vc_column-inner\"><div class=\"wpb_wrapper\"><\/div><\/div><\/div><\/div><\/div><\/section><section class=\"l-section wpb_row height_medium\"><div class=\"l-section-h i-cf\"><div class=\"g-cols vc_row via_flex valign_top type_default stacking_default\"><div class=\"vc_col-sm-12 wpb_column vc_column_container\"><div class=\"vc_column-inner\"><div class=\"wpb_wrapper\"><div class=\"wpb_text_column us_custom_9bbbe76c\"><div class=\"wpb_wrapper\"><h3 style=\"text-align: center\"><span style=\"color: #ffffff\">Empresas patrocinadoras<\/span><\/h3>\n<\/div><\/div><div class=\"w-separator home-logos size_small\"><\/div><div class=\"g-cols wpb_row us_custom_7d5e32d4 via_flex valign_top type_default stacking_default\"><div class=\"vc_col-sm-1\/5 wpb_column vc_column_container\"><div class=\"vc_column-inner us_custom_7d5e32d4\"><div class=\"wpb_wrapper\"><div class=\"w-image us_custom_fab4abd9 align_none\"><a target=\" _blank\" rel=\"nofollow\" href=\"https:\/\/www.accenture.com\/es-es\/careers\" aria-label=\"Patrocinadores-500x500px-accenture\" class=\"w-image-h\"><img decoding=\"async\" width=\"500\" height=\"500\" src=\"https:\/\/forempleo.uc3m.es\/visitantes2025\/wp-content\/uploads\/sites\/21\/2019\/07\/Patrocinadores-500x500px-accenture.jpg\" class=\"attachment-large size-large\" alt=\"\" loading=\"lazy\" srcset=\"https:\/\/forempleo.uc3m.es\/visitantes2025\/wp-content\/uploads\/sites\/21\/2019\/07\/Patrocinadores-500x500px-accenture.jpg 500w, https:\/\/forempleo.uc3m.es\/visitantes2025\/wp-content\/uploads\/sites\/21\/2019\/07\/Patrocinadores-500x500px-accenture-150x150.jpg 150w, https:\/\/forempleo.uc3m.es\/visitantes2025\/wp-content\/uploads\/sites\/21\/2019\/07\/Patrocinadores-500x500px-accenture-300x300.jpg 300w, https:\/\/forempleo.uc3m.es\/visitantes2025\/wp-content\/uploads\/sites\/21\/2019\/07\/Patrocinadores-500x500px-accenture-350x350.jpg 350w\" sizes=\"auto, (max-width: 500px) 100vw, 500px\" \/><\/a><\/div><\/div><\/div><\/div><div class=\"vc_col-sm-1\/5 wpb_column vc_column_container\"><div class=\"vc_column-inner\"><div class=\"wpb_wrapper\"><div class=\"w-image align_none\"><a target=\" _blank\" rel=\"nofollow\" href=\"https:\/\/careers.bbva.com\/es\/\" aria-label=\"Patrocinadores-500x500px-bbva (1)\" class=\"w-image-h\"><img decoding=\"async\" width=\"500\" height=\"500\" src=\"https:\/\/forempleo.uc3m.es\/visitantes2025\/wp-content\/uploads\/sites\/21\/2019\/07\/Patrocinadores-500x500px-bbva-1.jpg\" class=\"attachment-large size-large\" alt=\"\" loading=\"lazy\" srcset=\"https:\/\/forempleo.uc3m.es\/visitantes2025\/wp-content\/uploads\/sites\/21\/2019\/07\/Patrocinadores-500x500px-bbva-1.jpg 500w, https:\/\/forempleo.uc3m.es\/visitantes2025\/wp-content\/uploads\/sites\/21\/2019\/07\/Patrocinadores-500x500px-bbva-1-150x150.jpg 150w, https:\/\/forempleo.uc3m.es\/visitantes2025\/wp-content\/uploads\/sites\/21\/2019\/07\/Patrocinadores-500x500px-bbva-1-300x300.jpg 300w, https:\/\/forempleo.uc3m.es\/visitantes2025\/wp-content\/uploads\/sites\/21\/2019\/07\/Patrocinadores-500x500px-bbva-1-350x350.jpg 350w\" sizes=\"auto, (max-width: 500px) 100vw, 500px\" \/><\/a><\/div><\/div><\/div><\/div><div class=\"vc_col-sm-1\/5 wpb_column vc_column_container\"><div class=\"vc_column-inner\"><div class=\"wpb_wrapper\"><div class=\"w-image align_none\"><div class=\"w-image-h\"><img decoding=\"async\" width=\"500\" height=\"500\" src=\"https:\/\/forempleo.uc3m.es\/visitantes2025\/wp-content\/uploads\/sites\/21\/2019\/07\/Patrocinadores-500x500px-ey.jpg\" class=\"attachment-large size-large\" alt=\"\" loading=\"lazy\" srcset=\"https:\/\/forempleo.uc3m.es\/visitantes2025\/wp-content\/uploads\/sites\/21\/2019\/07\/Patrocinadores-500x500px-ey.jpg 500w, https:\/\/forempleo.uc3m.es\/visitantes2025\/wp-content\/uploads\/sites\/21\/2019\/07\/Patrocinadores-500x500px-ey-150x150.jpg 150w, https:\/\/forempleo.uc3m.es\/visitantes2025\/wp-content\/uploads\/sites\/21\/2019\/07\/Patrocinadores-500x500px-ey-300x300.jpg 300w, https:\/\/forempleo.uc3m.es\/visitantes2025\/wp-content\/uploads\/sites\/21\/2019\/07\/Patrocinadores-500x500px-ey-350x350.jpg 350w\" sizes=\"auto, (max-width: 500px) 100vw, 500px\" \/><\/div><\/div><\/div><\/div><\/div><div class=\"vc_col-sm-1\/5 wpb_column vc_column_container\"><div class=\"vc_column-inner\"><div class=\"wpb_wrapper\"><div class=\"w-image align_none\"><div class=\"w-image-h\"><img decoding=\"async\" width=\"500\" height=\"500\" src=\"https:\/\/forempleo.uc3m.es\/visitantes2025\/wp-content\/uploads\/sites\/21\/2019\/07\/Patrocinadores-500x500px-indra.jpg\" class=\"attachment-large size-large\" alt=\"\" loading=\"lazy\" srcset=\"https:\/\/forempleo.uc3m.es\/visitantes2025\/wp-content\/uploads\/sites\/21\/2019\/07\/Patrocinadores-500x500px-indra.jpg 500w, https:\/\/forempleo.uc3m.es\/visitantes2025\/wp-content\/uploads\/sites\/21\/2019\/07\/Patrocinadores-500x500px-indra-150x150.jpg 150w, https:\/\/forempleo.uc3m.es\/visitantes2025\/wp-content\/uploads\/sites\/21\/2019\/07\/Patrocinadores-500x500px-indra-300x300.jpg 300w, https:\/\/forempleo.uc3m.es\/visitantes2025\/wp-content\/uploads\/sites\/21\/2019\/07\/Patrocinadores-500x500px-indra-350x350.jpg 350w\" sizes=\"auto, (max-width: 500px) 100vw, 500px\" \/><\/div><\/div><\/div><\/div><\/div><div class=\"vc_col-sm-1\/5 wpb_column vc_column_container\"><div class=\"vc_column-inner\"><div class=\"wpb_wrapper\"><div class=\"w-image align_center\"><a target=\" _blank\" rel=\"nofollow\" href=\"https:\/\/www.salesforce.com\/es\/\" aria-label=\"Patrocinadores-500x500px-salesforce\" class=\"w-image-h\"><img decoding=\"async\" width=\"500\" height=\"500\" src=\"https:\/\/forempleo.uc3m.es\/visitantes2025\/wp-content\/uploads\/sites\/21\/2019\/07\/Patrocinadores-500x500px-salesforce.jpg\" class=\"attachment-large size-large\" alt=\"\" loading=\"lazy\" srcset=\"https:\/\/forempleo.uc3m.es\/visitantes2025\/wp-content\/uploads\/sites\/21\/2019\/07\/Patrocinadores-500x500px-salesforce.jpg 500w, https:\/\/forempleo.uc3m.es\/visitantes2025\/wp-content\/uploads\/sites\/21\/2019\/07\/Patrocinadores-500x500px-salesforce-150x150.jpg 150w, https:\/\/forempleo.uc3m.es\/visitantes2025\/wp-content\/uploads\/sites\/21\/2019\/07\/Patrocinadores-500x500px-salesforce-300x300.jpg 300w, https:\/\/forempleo.uc3m.es\/visitantes2025\/wp-content\/uploads\/sites\/21\/2019\/07\/Patrocinadores-500x500px-salesforce-350x350.jpg 350w\" sizes=\"auto, (max-width: 500px) 100vw, 500px\" \/><\/a><\/div><\/div><\/div><\/div><\/div><\/div><\/div><\/div><\/div><\/div><\/section><div class=\"vc_col-sm-12 wpb_column vc_column_container\"><div class=\"vc_column-inner us_custom_7d5e32d4\"><div class=\"wpb_wrapper\"><\/div><\/div><\/div>\n","protected":false},"excerpt":{"rendered":"Participa como expositor La Universidad Carlos III de Madrid es un centro de formaci\u00f3n de referencia a nivel nacional y una de las mejores canteras de talento en diferentes \u00e1mbitos: Ingenier\u00edas, Derecho, Comunicaci\u00f3n, etc. Este a\u00f1o, debido a la situaci\u00f3n que ha generado el COVID-19, organizamos el Foro de Empleo Virtual de la UC3M, siempre...","protected":false},"author":3,"featured_media":0,"parent":0,"menu_order":0,"comment_status":"closed","ping_status":"closed","template":"","meta":{"footnotes":""},"class_list":["post-7414","page","type-page","status-publish","hentry"],"yoast_head":"<!-- This site is optimized with the Yoast SEO plugin v27.3 - https:\/\/yoast.com\/product\/yoast-seo-wordpress\/ -->\n<title>Participa como expositor - Forempleo 2025<\/title>\n<meta name=\"description\" content=\"Reserva tu espacio en la feria de empleo m\u00e1s importante de la Comunidad de Madrid: Forempleo 2020, la feria virtual de empleo de la UC3M\" \/>\n<meta name=\"robots\" content=\"index, follow, max-snippet:-1, max-image-preview:large, max-video-preview:-1\" \/>\n<link rel=\"canonical\" href=\"https:\/\/forempleo.uc3m.es\/visitantes2025\/participa-expositor\/\" \/>\n<meta property=\"og:locale\" content=\"es_ES\" \/>\n<meta property=\"og:type\" content=\"article\" \/>\n<meta property=\"og:title\" content=\"Participa como expositor - Forempleo 2025\" \/>\n<meta property=\"og:description\" content=\"Reserva tu espacio en la feria de empleo m\u00e1s importante de la Comunidad de Madrid: Forempleo 2020, la feria virtual de empleo de la UC3M\" \/>\n<meta property=\"og:url\" content=\"https:\/\/forempleo.uc3m.es\/visitantes2025\/participa-expositor\/\" \/>\n<meta property=\"og:site_name\" content=\"Forempleo 2025\" \/>\n<meta property=\"article:publisher\" content=\"https:\/\/www.facebook.com\/Forempleo-2017-1184284735049966\/\" \/>\n<meta property=\"article:modified_time\" content=\"2020-09-24T16:29:31+00:00\" \/>\n<meta name=\"twitter:card\" content=\"summary_large_image\" \/>\n<meta name=\"twitter:site\" content=\"@forempleoUC3M\" \/>\n<meta name=\"twitter:label1\" content=\"Tiempo de lectura\" \/>\n\t<meta name=\"twitter:data1\" content=\"5 minutos\" \/>\n<script type=\"application\/ld+json\" class=\"yoast-schema-graph\">{\"@context\":\"https:\\\/\\\/schema.org\",\"@graph\":[{\"@type\":\"WebPage\",\"@id\":\"https:\\\/\\\/forempleo.uc3m.es\\\/visitantes2025\\\/participa-expositor\\\/\",\"url\":\"https:\\\/\\\/forempleo.uc3m.es\\\/visitantes2025\\\/participa-expositor\\\/\",\"name\":\"Participa como expositor - Forempleo 2025\",\"isPartOf\":{\"@id\":\"https:\\\/\\\/forempleo.uc3m.es\\\/visitantes2025\\\/#website\"},\"datePublished\":\"2020-09-03T06:49:41+00:00\",\"dateModified\":\"2020-09-24T16:29:31+00:00\",\"description\":\"Reserva tu espacio en la feria de empleo m\u00e1s importante de la Comunidad de Madrid: Forempleo 2020, la feria virtual de empleo de la UC3M\",\"breadcrumb\":{\"@id\":\"https:\\\/\\\/forempleo.uc3m.es\\\/visitantes2025\\\/participa-expositor\\\/#breadcrumb\"},\"inLanguage\":\"es\",\"potentialAction\":[{\"@type\":\"ReadAction\",\"target\":[\"https:\\\/\\\/forempleo.uc3m.es\\\/visitantes2025\\\/participa-expositor\\\/\"]}]},{\"@type\":\"BreadcrumbList\",\"@id\":\"https:\\\/\\\/forempleo.uc3m.es\\\/visitantes2025\\\/participa-expositor\\\/#breadcrumb\",\"itemListElement\":[{\"@type\":\"ListItem\",\"position\":1,\"name\":\"Portada\",\"item\":\"https:\\\/\\\/forempleo.uc3m.es\\\/visitantes2025\\\/\"},{\"@type\":\"ListItem\",\"position\":2,\"name\":\"Participa como expositor\"}]},{\"@type\":\"WebSite\",\"@id\":\"https:\\\/\\\/forempleo.uc3m.es\\\/visitantes2025\\\/#website\",\"url\":\"https:\\\/\\\/forempleo.uc3m.es\\\/visitantes2025\\\/\",\"name\":\"Forempleo\",\"description\":\"La Feria de Empleo Universitario m\u00e1s importante de Espa\u00f1a\",\"publisher\":{\"@id\":\"https:\\\/\\\/forempleo.uc3m.es\\\/visitantes2025\\\/#organization\"},\"potentialAction\":[{\"@type\":\"SearchAction\",\"target\":{\"@type\":\"EntryPoint\",\"urlTemplate\":\"https:\\\/\\\/forempleo.uc3m.es\\\/visitantes2025\\\/?s={search_term_string}\"},\"query-input\":{\"@type\":\"PropertyValueSpecification\",\"valueRequired\":true,\"valueName\":\"search_term_string\"}}],\"inLanguage\":\"es\"},{\"@type\":\"Organization\",\"@id\":\"https:\\\/\\\/forempleo.uc3m.es\\\/visitantes2025\\\/#organization\",\"name\":\"Forempleo\",\"url\":\"https:\\\/\\\/forempleo.uc3m.es\\\/visitantes2025\\\/\",\"logo\":{\"@type\":\"ImageObject\",\"inLanguage\":\"es\",\"@id\":\"https:\\\/\\\/forempleo.uc3m.es\\\/visitantes2025\\\/#\\\/schema\\\/logo\\\/image\\\/\",\"url\":\"https:\\\/\\\/forempleo.uc3m.es\\\/visitantes2025\\\/wp-content\\\/uploads\\\/sites\\\/21\\\/2022\\\/08\\\/cropped-fav-icon-2022.png\",\"contentUrl\":\"https:\\\/\\\/forempleo.uc3m.es\\\/visitantes2025\\\/wp-content\\\/uploads\\\/sites\\\/21\\\/2022\\\/08\\\/cropped-fav-icon-2022.png\",\"width\":512,\"height\":512,\"caption\":\"Forempleo\"},\"image\":{\"@id\":\"https:\\\/\\\/forempleo.uc3m.es\\\/visitantes2025\\\/#\\\/schema\\\/logo\\\/image\\\/\"},\"sameAs\":[\"https:\\\/\\\/www.facebook.com\\\/Forempleo-2017-1184284735049966\\\/\",\"https:\\\/\\\/x.com\\\/forempleoUC3M\",\"https:\\\/\\\/www.instagram.com\\\/forempleo\\\/\",\"https:\\\/\\\/www.youtube.com\\\/channel\\\/UCyXs2GMKVt54bEBJVjkq-cg\"]}]}<\/script>\n<!-- \/ Yoast SEO plugin. -->","yoast_head_json":{"title":"Participa como expositor - Forempleo 2025","description":"Reserva tu espacio en la feria de empleo m\u00e1s importante de la Comunidad de Madrid: Forempleo 2020, la feria virtual de empleo de la UC3M","robots":{"index":"index","follow":"follow","max-snippet":"max-snippet:-1","max-image-preview":"max-image-preview:large","max-video-preview":"max-video-preview:-1"},"canonical":"https:\/\/forempleo.uc3m.es\/visitantes2025\/participa-expositor\/","og_locale":"es_ES","og_type":"article","og_title":"Participa como expositor - Forempleo 2025","og_description":"Reserva tu espacio en la feria de empleo m\u00e1s importante de la Comunidad de Madrid: Forempleo 2020, la feria virtual de empleo de la UC3M","og_url":"https:\/\/forempleo.uc3m.es\/visitantes2025\/participa-expositor\/","og_site_name":"Forempleo 2025","article_publisher":"https:\/\/www.facebook.com\/Forempleo-2017-1184284735049966\/","article_modified_time":"2020-09-24T16:29:31+00:00","twitter_card":"summary_large_image","twitter_site":"@forempleoUC3M","twitter_misc":{"Tiempo de lectura":"5 minutos"},"schema":{"@context":"https:\/\/schema.org","@graph":[{"@type":"WebPage","@id":"https:\/\/forempleo.uc3m.es\/visitantes2025\/participa-expositor\/","url":"https:\/\/forempleo.uc3m.es\/visitantes2025\/participa-expositor\/","name":"Participa como expositor - Forempleo 2025","isPartOf":{"@id":"https:\/\/forempleo.uc3m.es\/visitantes2025\/#website"},"datePublished":"2020-09-03T06:49:41+00:00","dateModified":"2020-09-24T16:29:31+00:00","description":"Reserva tu espacio en la feria de empleo m\u00e1s importante de la Comunidad de Madrid: Forempleo 2020, la feria virtual de empleo de la UC3M","breadcrumb":{"@id":"https:\/\/forempleo.uc3m.es\/visitantes2025\/participa-expositor\/#breadcrumb"},"inLanguage":"es","potentialAction":[{"@type":"ReadAction","target":["https:\/\/forempleo.uc3m.es\/visitantes2025\/participa-expositor\/"]}]},{"@type":"BreadcrumbList","@id":"https:\/\/forempleo.uc3m.es\/visitantes2025\/participa-expositor\/#breadcrumb","itemListElement":[{"@type":"ListItem","position":1,"name":"Portada","item":"https:\/\/forempleo.uc3m.es\/visitantes2025\/"},{"@type":"ListItem","position":2,"name":"Participa como expositor"}]},{"@type":"WebSite","@id":"https:\/\/forempleo.uc3m.es\/visitantes2025\/#website","url":"https:\/\/forempleo.uc3m.es\/visitantes2025\/","name":"Forempleo","description":"La Feria de Empleo Universitario m\u00e1s importante de Espa\u00f1a","publisher":{"@id":"https:\/\/forempleo.uc3m.es\/visitantes2025\/#organization"},"potentialAction":[{"@type":"SearchAction","target":{"@type":"EntryPoint","urlTemplate":"https:\/\/forempleo.uc3m.es\/visitantes2025\/?s={search_term_string}"},"query-input":{"@type":"PropertyValueSpecification","valueRequired":true,"valueName":"search_term_string"}}],"inLanguage":"es"},{"@type":"Organization","@id":"https:\/\/forempleo.uc3m.es\/visitantes2025\/#organization","name":"Forempleo","url":"https:\/\/forempleo.uc3m.es\/visitantes2025\/","logo":{"@type":"ImageObject","inLanguage":"es","@id":"https:\/\/forempleo.uc3m.es\/visitantes2025\/#\/schema\/logo\/image\/","url":"https:\/\/forempleo.uc3m.es\/visitantes2025\/wp-content\/uploads\/sites\/21\/2022\/08\/cropped-fav-icon-2022.png","contentUrl":"https:\/\/forempleo.uc3m.es\/visitantes2025\/wp-content\/uploads\/sites\/21\/2022\/08\/cropped-fav-icon-2022.png","width":512,"height":512,"caption":"Forempleo"},"image":{"@id":"https:\/\/forempleo.uc3m.es\/visitantes2025\/#\/schema\/logo\/image\/"},"sameAs":["https:\/\/www.facebook.com\/Forempleo-2017-1184284735049966\/","https:\/\/x.com\/forempleoUC3M","https:\/\/www.instagram.com\/forempleo\/","https:\/\/www.youtube.com\/channel\/UCyXs2GMKVt54bEBJVjkq-cg"]}]}},"_links":{"self":[{"href":"https:\/\/forempleo.uc3m.es\/visitantes2025\/wp-json\/wp\/v2\/pages\/7414","targetHints":{"allow":["GET"]}}],"collection":[{"href":"https:\/\/forempleo.uc3m.es\/visitantes2025\/wp-json\/wp\/v2\/pages"}],"about":[{"href":"https:\/\/forempleo.uc3m.es\/visitantes2025\/wp-json\/wp\/v2\/types\/page"}],"author":[{"embeddable":true,"href":"https:\/\/forempleo.uc3m.es\/visitantes2025\/wp-json\/wp\/v2\/users\/3"}],"replies":[{"embeddable":true,"href":"https:\/\/forempleo.uc3m.es\/visitantes2025\/wp-json\/wp\/v2\/comments?post=7414"}],"version-history":[{"count":17,"href":"https:\/\/forempleo.uc3m.es\/visitantes2025\/wp-json\/wp\/v2\/pages\/7414\/revisions"}],"predecessor-version":[{"id":8096,"href":"https:\/\/forempleo.uc3m.es\/visitantes2025\/wp-json\/wp\/v2\/pages\/7414\/revisions\/8096"}],"wp:attachment":[{"href":"https:\/\/forempleo.uc3m.es\/visitantes2025\/wp-json\/wp\/v2\/media?parent=7414"}],"curies":[{"name":"wp","href":"https:\/\/api.w.org\/{rel}","templated":true}]}}