{"id":7300,"date":"2023-09-02T10:15:28","date_gmt":"2023-09-02T08:15:28","guid":{"rendered":"https:\/\/www.forempleo.com\/alumnos2020\/?page_id=7300"},"modified":"2025-09-10T13:44:15","modified_gmt":"2025-09-10T11:44:15","slug":"feria","status":"publish","type":"page","link":"https:\/\/forempleo.uc3m.es\/visitantes2025\/feria\/","title":{"rendered":"Feria"},"content":{"rendered":"<section class=\"l-section wpb_row height_small\"><div class=\"l-section-h i-cf\"><div class=\"g-cols vc_row via_flex valign_top type_boxes stacking_default\"><div class=\"vc_col-sm-6 wpb_column vc_column_container\"><div class=\"vc_column-inner type_sticky\"><div class=\"wpb_wrapper\"><div class=\"g-cols wpb_row us_custom_7ac13db1 us_animate_this via_flex valign_top type_default stacking_default\"><div class=\"vc_col-sm-12 wpb_column vc_column_container\"><div class=\"vc_column-inner\"><div class=\"wpb_wrapper\"><div class=\"wpb_text_column us_custom_a518f36e us_animate_this\"><div class=\"wpb_wrapper\"><h1 style=\"text-align: left;\">Feria<\/h1>\n<\/div><\/div><div class=\"wpb_text_column\"><div class=\"wpb_wrapper\"><p>Visita los stands de las empresas que te interesen, tienes 158 empresas para elegir: consulta los perfiles que buscan descarg\u00e1ndote el cat\u00e1logo y planifica tu visita. No pierdas la oportunidad de hablar directamente con el personal de RR.HH. en los stands, consultar tus dudas y conseguir una entrevista de empleo o unas pr\u00e1cticas.<\/p>\n<\/div><\/div><div class=\"w-separator size_small\"><\/div><\/div><\/div><\/div><\/div><\/div><\/div><\/div><div class=\"vc_col-sm-6 wpb_column vc_column_container\"><div class=\"vc_column-inner\"><div class=\"wpb_wrapper\"><div class=\"w-separator size_large\"><\/div><div class=\"w-separator size_large\"><\/div><div class=\"g-cols wpb_row us_custom_95065ac4 us_animate_this via_flex valign_top type_default stacking_default\"><div class=\"vc_col-sm-12 wpb_column vc_column_container\"><div class=\"vc_column-inner\"><div class=\"wpb_wrapper\"><div class=\"wpb_text_column us_custom_aeada080 has_text_color us_animate_this\"><div class=\"wpb_wrapper\"><h1 style=\"text-align: center;\">158 empresas est\u00e1n esperado conocerte<\/h1>\n<\/div><\/div><\/div><\/div><\/div><\/div><\/div><\/div><\/div><\/div><\/div><\/section><section class=\"l-section wpb_row us_custom_311bbcb9 height_auto\"><div class=\"l-section-h i-cf\"><div class=\"g-cols vc_row via_flex valign_top type_default stacking_default\"><div class=\"vc_col-sm-12 wpb_column vc_column_container\"><div class=\"vc_column-inner\"><div class=\"wpb_wrapper\"><div class=\"wpb_text_column us_custom_20e9e112 has_text_color\"><div class=\"wpb_wrapper\"><h3 style=\"text-align: center;\">Plano interactivo<\/h3>\n<\/div><\/div><\/div><\/div><\/div><\/div><\/div><\/section><section class=\"l-section wpb_row hide_on_mobiles height_medium\"><div class=\"l-section-h i-cf\"><div class=\"g-cols vc_row via_flex valign_top type_default stacking_default\"><div class=\"vc_col-sm-12 wpb_column vc_column_container\"><div class=\"vc_column-inner\"><div class=\"wpb_wrapper\">[vc_raw_html]JTNDaWZyYW1lJTIwc3JjJTNEJTIyJTJGbWFwYV9pbnRlcmFjdGl2b18yMDI1JTJGbWFwYS5odG1sJTIyJTIwd2lkdGglM0QlMjIxMDAlMjUlMjIlMjBoZWlnaHQlM0QlMjI3NTBweCUyMiUyMG9ubG9hZCUzRCUyMnJlc2l6ZUlmcmFtZSUyOHRoaXMlMjklMjIlM0UlM0MlMkZpZnJhbWUlM0U=[\/vc_raw_html]<\/div><\/div><\/div><\/div><\/div><\/section><section class=\"l-section wpb_row hide_on_default hide_on_laptops hide_on_tablets height_small\"><div class=\"l-section-h i-cf\"><div class=\"g-cols vc_row via_flex valign_top type_default stacking_default\"><div class=\"vc_col-sm-12 wpb_column vc_column_container\"><div class=\"vc_column-inner\"><div class=\"wpb_wrapper\">[vc_raw_html]JTNDaWZyYW1lJTIwc3JjJTNEJTIyJTJGbWFwYV9pbnRlcmFjdGl2b18yMDI1JTJGbWFwYV9tb3ZpbC5odG1sJTIyJTIwd2lkdGglM0QlMjIxMDAlMjUlMjIlMjBoZWlnaHQlM0QlMjI3NTBweCUyMiUyMG9ubG9hZCUzRCUyMnJlc2l6ZUlmcmFtZSUyOHRoaXMlMjklMjIlM0UlM0MlMkZpZnJhbWUlM0U=[\/vc_raw_html][vc_raw_js]JTNDc2NyaXB0JTIwdHlwZSUzRCUyMnRleHQlMkZqYXZhc2NyaXB0JTIyJTNFJTBBJTIwJTIwZnVuY3Rpb24lMjByZXNpemVJZnJhbWUlMjhvYmolMjklMjAlN0IlMEElMjAlMjAlMjAlMjAlMkYlMkYlMjByZWV0cmFzYW1vcyUyMHVuJTIwc2VndW5kbyUyMHBhcmElMjBxdWUlMjBjYXJndWUlMjBlbCUyMGNvbnRlbmlkbyUwQSUyMCUyMCUyMCUyMHNldEludGVydmFsJTI4ZnVuY3Rpb24lMjglMjklN0IlMjByZXNpemVJZnJhbWUyJTI4b2JqJTI5JTNCJTIwJTdEJTJDJTIwMTAwMCUyOSUzQiUwQSUyMCUyMCU3RCUwQSUyMCUyMGZ1bmN0aW9uJTIwcmVzaXplSWZyYW1lMiUyOG9iaiUyOSUyMCU3QiUwQSUyMCUyMCUyMCUyMCUyMG9iai5zdHlsZS5oZWlnaHQlMjAlM0QlMjAlMjhvYmouY29udGVudFdpbmRvdy5kb2N1bWVudC5ib2R5LnNjcm9sbEhlaWdodCUyQjUwJTI5JTIwJTJCJTIwJTI3cHglMjclM0IlMEElMjAlMjAlN0QlMEElM0MlMkZzY3JpcHQlM0U=[\/vc_raw_js]<\/div><\/div><\/div><\/div><\/div><\/section><section class=\"l-section wpb_row us_custom_311bbcb9 height_auto\"><div class=\"l-section-h i-cf\"><div class=\"g-cols vc_row via_flex valign_top type_default stacking_default\"><div class=\"vc_col-sm-12 wpb_column vc_column_container\"><div class=\"vc_column-inner\"><div class=\"wpb_wrapper\"><div class=\"wpb_text_column us_custom_20e9e112 has_text_color\"><div class=\"wpb_wrapper\"><h3 style=\"text-align: center;\">Mucho m\u00e1s que una feria<\/h3>\n<\/div><\/div><\/div><\/div><\/div><\/div><\/div><\/section><section class=\"l-section wpb_row height_medium\"><div class=\"l-section-h i-cf\"><div class=\"g-cols vc_row via_flex valign_top type_default stacking_default\"><div class=\"vc_col-sm-2 wpb_column vc_column_container\"><div class=\"vc_column-inner\"><div class=\"wpb_wrapper\"><\/div><\/div><\/div><div class=\"vc_col-sm-8 wpb_column vc_column_container\"><div class=\"vc_column-inner\"><div class=\"wpb_wrapper\"><div class=\"w-video align_center ratio_16x9 has_iframe\"><div class=\"w-video-h\"><iframe title=\"Youtube video player\" src=\"\/\/www.youtube.com\/embed\/N3-nyJTYI1c?autoplay=0&controls=1&origin=https:\/\/forempleo.uc3m.es\/visitantes2025&loop=0&mute=0\" allowfullscreen=\"1\" loading=\"lazy\"><\/iframe><\/div><\/div><\/div><\/div><\/div><div class=\"vc_col-sm-2 wpb_column vc_column_container\"><div class=\"vc_column-inner\"><div class=\"wpb_wrapper\"><\/div><\/div><\/div><\/div><\/div><\/section>\n","protected":false},"excerpt":{"rendered":"Feria Visita los stands de las empresas que te interesen, tienes 158 empresas para elegir: consulta los perfiles que buscan descarg\u00e1ndote el cat\u00e1logo y planifica tu visita. No pierdas la oportunidad de hablar directamente con el personal de RR.HH. en los stands, consultar tus dudas y conseguir una entrevista de empleo o unas pr\u00e1cticas. 158...","protected":false},"author":3,"featured_media":0,"parent":0,"menu_order":0,"comment_status":"closed","ping_status":"closed","template":"","meta":{"footnotes":""},"class_list":["post-7300","page","type-page","status-publish","hentry"],"yoast_head":"<!-- This site is optimized with the Yoast SEO plugin v27.3 - https:\/\/yoast.com\/product\/yoast-seo-wordpress\/ -->\n<title>Forempleo 2025 | Empresas participantes y plano<\/title>\n<meta name=\"description\" content=\"M\u00e1s de 150 empresas est\u00e1n esperando conocerte, trae tu CV y contacta con los responsables de RR.HH. 1 y 2 de octubre. Campus Legan\u00e9s (UC3M)\" \/>\n<meta name=\"robots\" content=\"index, follow, max-snippet:-1, max-image-preview:large, max-video-preview:-1\" \/>\n<link rel=\"canonical\" href=\"https:\/\/forempleo.uc3m.es\/visitantes2025\/feria\/\" \/>\n<meta property=\"og:locale\" content=\"es_ES\" \/>\n<meta property=\"og:type\" content=\"article\" \/>\n<meta property=\"og:title\" content=\"Forempleo 2025 | Empresas participantes y plano\" \/>\n<meta property=\"og:description\" content=\"M\u00e1s de 150 empresas est\u00e1n esperando conocerte, trae tu CV y contacta con los responsables de RR.HH. 1 y 2 de octubre. Campus Legan\u00e9s (UC3M)\" \/>\n<meta property=\"og:url\" content=\"https:\/\/forempleo.uc3m.es\/visitantes2025\/feria\/\" \/>\n<meta property=\"og:site_name\" content=\"Forempleo 2025\" \/>\n<meta property=\"article:publisher\" content=\"https:\/\/www.facebook.com\/Forempleo-2017-1184284735049966\/\" \/>\n<meta property=\"article:modified_time\" content=\"2025-09-10T11:44:15+00:00\" \/>\n<meta property=\"og:image\" content=\"https:\/\/forempleo.uc3m.es\/visitantes2025\/wp-content\/uploads\/sites\/21\/2022\/08\/cropped-fav-icon-2022.png\" \/>\n\t<meta property=\"og:image:width\" content=\"512\" \/>\n\t<meta property=\"og:image:height\" content=\"512\" \/>\n\t<meta property=\"og:image:type\" content=\"image\/png\" \/>\n<meta name=\"twitter:card\" content=\"summary_large_image\" \/>\n<meta name=\"twitter:site\" content=\"@forempleoUC3M\" \/>\n<meta name=\"twitter:label1\" content=\"Tiempo de lectura\" \/>\n\t<meta name=\"twitter:data1\" content=\"2 minutos\" \/>\n<script type=\"application\/ld+json\" class=\"yoast-schema-graph\">{\"@context\":\"https:\\\/\\\/schema.org\",\"@graph\":[{\"@type\":\"WebPage\",\"@id\":\"https:\\\/\\\/forempleo.uc3m.es\\\/visitantes2025\\\/feria\\\/\",\"url\":\"https:\\\/\\\/forempleo.uc3m.es\\\/visitantes2025\\\/feria\\\/\",\"name\":\"Forempleo 2025 | Empresas participantes y plano\",\"isPartOf\":{\"@id\":\"https:\\\/\\\/forempleo.uc3m.es\\\/visitantes2025\\\/#website\"},\"datePublished\":\"2023-09-02T08:15:28+00:00\",\"dateModified\":\"2025-09-10T11:44:15+00:00\",\"description\":\"M\u00e1s de 150 empresas est\u00e1n esperando conocerte, trae tu CV y contacta con los responsables de RR.HH. 1 y 2 de octubre. Campus Legan\u00e9s (UC3M)\",\"breadcrumb\":{\"@id\":\"https:\\\/\\\/forempleo.uc3m.es\\\/visitantes2025\\\/feria\\\/#breadcrumb\"},\"inLanguage\":\"es\",\"potentialAction\":[{\"@type\":\"ReadAction\",\"target\":[\"https:\\\/\\\/forempleo.uc3m.es\\\/visitantes2025\\\/feria\\\/\"]}]},{\"@type\":\"BreadcrumbList\",\"@id\":\"https:\\\/\\\/forempleo.uc3m.es\\\/visitantes2025\\\/feria\\\/#breadcrumb\",\"itemListElement\":[{\"@type\":\"ListItem\",\"position\":1,\"name\":\"Portada\",\"item\":\"https:\\\/\\\/forempleo.uc3m.es\\\/visitantes2025\\\/\"},{\"@type\":\"ListItem\",\"position\":2,\"name\":\"Feria\"}]},{\"@type\":\"WebSite\",\"@id\":\"https:\\\/\\\/forempleo.uc3m.es\\\/visitantes2025\\\/#website\",\"url\":\"https:\\\/\\\/forempleo.uc3m.es\\\/visitantes2025\\\/\",\"name\":\"Forempleo\",\"description\":\"La Feria de Empleo Universitario m\u00e1s importante de Espa\u00f1a\",\"publisher\":{\"@id\":\"https:\\\/\\\/forempleo.uc3m.es\\\/visitantes2025\\\/#organization\"},\"potentialAction\":[{\"@type\":\"SearchAction\",\"target\":{\"@type\":\"EntryPoint\",\"urlTemplate\":\"https:\\\/\\\/forempleo.uc3m.es\\\/visitantes2025\\\/?s={search_term_string}\"},\"query-input\":{\"@type\":\"PropertyValueSpecification\",\"valueRequired\":true,\"valueName\":\"search_term_string\"}}],\"inLanguage\":\"es\"},{\"@type\":\"Organization\",\"@id\":\"https:\\\/\\\/forempleo.uc3m.es\\\/visitantes2025\\\/#organization\",\"name\":\"Forempleo\",\"url\":\"https:\\\/\\\/forempleo.uc3m.es\\\/visitantes2025\\\/\",\"logo\":{\"@type\":\"ImageObject\",\"inLanguage\":\"es\",\"@id\":\"https:\\\/\\\/forempleo.uc3m.es\\\/visitantes2025\\\/#\\\/schema\\\/logo\\\/image\\\/\",\"url\":\"https:\\\/\\\/forempleo.uc3m.es\\\/visitantes2025\\\/wp-content\\\/uploads\\\/sites\\\/21\\\/2022\\\/08\\\/cropped-fav-icon-2022.png\",\"contentUrl\":\"https:\\\/\\\/forempleo.uc3m.es\\\/visitantes2025\\\/wp-content\\\/uploads\\\/sites\\\/21\\\/2022\\\/08\\\/cropped-fav-icon-2022.png\",\"width\":512,\"height\":512,\"caption\":\"Forempleo\"},\"image\":{\"@id\":\"https:\\\/\\\/forempleo.uc3m.es\\\/visitantes2025\\\/#\\\/schema\\\/logo\\\/image\\\/\"},\"sameAs\":[\"https:\\\/\\\/www.facebook.com\\\/Forempleo-2017-1184284735049966\\\/\",\"https:\\\/\\\/x.com\\\/forempleoUC3M\",\"https:\\\/\\\/www.instagram.com\\\/forempleo\\\/\",\"https:\\\/\\\/www.youtube.com\\\/channel\\\/UCyXs2GMKVt54bEBJVjkq-cg\"]}]}<\/script>\n<!-- \/ Yoast SEO plugin. -->","yoast_head_json":{"title":"Forempleo 2025 | Empresas participantes y plano","description":"M\u00e1s de 150 empresas est\u00e1n esperando conocerte, trae tu CV y contacta con los responsables de RR.HH. 1 y 2 de octubre. Campus Legan\u00e9s (UC3M)","robots":{"index":"index","follow":"follow","max-snippet":"max-snippet:-1","max-image-preview":"max-image-preview:large","max-video-preview":"max-video-preview:-1"},"canonical":"https:\/\/forempleo.uc3m.es\/visitantes2025\/feria\/","og_locale":"es_ES","og_type":"article","og_title":"Forempleo 2025 | Empresas participantes y plano","og_description":"M\u00e1s de 150 empresas est\u00e1n esperando conocerte, trae tu CV y contacta con los responsables de RR.HH. 1 y 2 de octubre. Campus Legan\u00e9s (UC3M)","og_url":"https:\/\/forempleo.uc3m.es\/visitantes2025\/feria\/","og_site_name":"Forempleo 2025","article_publisher":"https:\/\/www.facebook.com\/Forempleo-2017-1184284735049966\/","article_modified_time":"2025-09-10T11:44:15+00:00","og_image":[{"width":512,"height":512,"url":"https:\/\/forempleo.uc3m.es\/visitantes2025\/wp-content\/uploads\/sites\/21\/2022\/08\/cropped-fav-icon-2022.png","type":"image\/png"}],"twitter_card":"summary_large_image","twitter_site":"@forempleoUC3M","twitter_misc":{"Tiempo de lectura":"2 minutos"},"schema":{"@context":"https:\/\/schema.org","@graph":[{"@type":"WebPage","@id":"https:\/\/forempleo.uc3m.es\/visitantes2025\/feria\/","url":"https:\/\/forempleo.uc3m.es\/visitantes2025\/feria\/","name":"Forempleo 2025 | Empresas participantes y plano","isPartOf":{"@id":"https:\/\/forempleo.uc3m.es\/visitantes2025\/#website"},"datePublished":"2023-09-02T08:15:28+00:00","dateModified":"2025-09-10T11:44:15+00:00","description":"M\u00e1s de 150 empresas est\u00e1n esperando conocerte, trae tu CV y contacta con los responsables de RR.HH. 1 y 2 de octubre. Campus Legan\u00e9s (UC3M)","breadcrumb":{"@id":"https:\/\/forempleo.uc3m.es\/visitantes2025\/feria\/#breadcrumb"},"inLanguage":"es","potentialAction":[{"@type":"ReadAction","target":["https:\/\/forempleo.uc3m.es\/visitantes2025\/feria\/"]}]},{"@type":"BreadcrumbList","@id":"https:\/\/forempleo.uc3m.es\/visitantes2025\/feria\/#breadcrumb","itemListElement":[{"@type":"ListItem","position":1,"name":"Portada","item":"https:\/\/forempleo.uc3m.es\/visitantes2025\/"},{"@type":"ListItem","position":2,"name":"Feria"}]},{"@type":"WebSite","@id":"https:\/\/forempleo.uc3m.es\/visitantes2025\/#website","url":"https:\/\/forempleo.uc3m.es\/visitantes2025\/","name":"Forempleo","description":"La Feria de Empleo Universitario m\u00e1s importante de Espa\u00f1a","publisher":{"@id":"https:\/\/forempleo.uc3m.es\/visitantes2025\/#organization"},"potentialAction":[{"@type":"SearchAction","target":{"@type":"EntryPoint","urlTemplate":"https:\/\/forempleo.uc3m.es\/visitantes2025\/?s={search_term_string}"},"query-input":{"@type":"PropertyValueSpecification","valueRequired":true,"valueName":"search_term_string"}}],"inLanguage":"es"},{"@type":"Organization","@id":"https:\/\/forempleo.uc3m.es\/visitantes2025\/#organization","name":"Forempleo","url":"https:\/\/forempleo.uc3m.es\/visitantes2025\/","logo":{"@type":"ImageObject","inLanguage":"es","@id":"https:\/\/forempleo.uc3m.es\/visitantes2025\/#\/schema\/logo\/image\/","url":"https:\/\/forempleo.uc3m.es\/visitantes2025\/wp-content\/uploads\/sites\/21\/2022\/08\/cropped-fav-icon-2022.png","contentUrl":"https:\/\/forempleo.uc3m.es\/visitantes2025\/wp-content\/uploads\/sites\/21\/2022\/08\/cropped-fav-icon-2022.png","width":512,"height":512,"caption":"Forempleo"},"image":{"@id":"https:\/\/forempleo.uc3m.es\/visitantes2025\/#\/schema\/logo\/image\/"},"sameAs":["https:\/\/www.facebook.com\/Forempleo-2017-1184284735049966\/","https:\/\/x.com\/forempleoUC3M","https:\/\/www.instagram.com\/forempleo\/","https:\/\/www.youtube.com\/channel\/UCyXs2GMKVt54bEBJVjkq-cg"]}]}},"_links":{"self":[{"href":"https:\/\/forempleo.uc3m.es\/visitantes2025\/wp-json\/wp\/v2\/pages\/7300","targetHints":{"allow":["GET"]}}],"collection":[{"href":"https:\/\/forempleo.uc3m.es\/visitantes2025\/wp-json\/wp\/v2\/pages"}],"about":[{"href":"https:\/\/forempleo.uc3m.es\/visitantes2025\/wp-json\/wp\/v2\/types\/page"}],"author":[{"embeddable":true,"href":"https:\/\/forempleo.uc3m.es\/visitantes2025\/wp-json\/wp\/v2\/users\/3"}],"replies":[{"embeddable":true,"href":"https:\/\/forempleo.uc3m.es\/visitantes2025\/wp-json\/wp\/v2\/comments?post=7300"}],"version-history":[{"count":156,"href":"https:\/\/forempleo.uc3m.es\/visitantes2025\/wp-json\/wp\/v2\/pages\/7300\/revisions"}],"predecessor-version":[{"id":9788,"href":"https:\/\/forempleo.uc3m.es\/visitantes2025\/wp-json\/wp\/v2\/pages\/7300\/revisions\/9788"}],"wp:attachment":[{"href":"https:\/\/forempleo.uc3m.es\/visitantes2025\/wp-json\/wp\/v2\/media?parent=7300"}],"curies":[{"name":"wp","href":"https:\/\/api.w.org\/{rel}","templated":true}]}}