{"id":3656,"date":"2023-09-02T11:15:47","date_gmt":"2023-09-02T09:15:47","guid":{"rendered":"http:\/\/apps.nkp.es\/wp3\/?page_id=3656"},"modified":"2025-09-04T18:07:49","modified_gmt":"2025-09-04T16:07:49","slug":"contacto","status":"publish","type":"page","link":"https:\/\/forempleo.uc3m.es\/visitantes2025\/contacto\/","title":{"rendered":"Contacto"},"content":{"rendered":"<section class=\"l-section wpb_row height_small\"><div class=\"l-section-h i-cf\"><div class=\"g-cols vc_row via_flex valign_top type_boxes stacking_default\"><div class=\"vc_col-sm-6 wpb_column vc_column_container\"><div class=\"vc_column-inner\"><div class=\"wpb_wrapper\"><div class=\"g-cols wpb_row us_custom_4bfee42a us_animate_this via_flex valign_top type_default stacking_default\"><div class=\"vc_col-sm-12 wpb_column vc_column_container\"><div class=\"vc_column-inner\"><div class=\"wpb_wrapper\"><div class=\"wpb_text_column us_custom_a518f36e us_animate_this\"><div class=\"wpb_wrapper\"><h1 style=\"text-align: left;\">Informaci\u00f3n y contacto<\/h1>\n<\/div><\/div><div class=\"wpb_text_column\"><div class=\"wpb_wrapper\"><p>Si desea recibir informaci\u00f3n o enviarnos sugerencias sobre la celebraci\u00f3n de Forempleo 2025, que se celebrar\u00e1 los d\u00edas 1 y 2 de octubre de 2025, cumplimente por favor el siguiente formulario.<\/p>\n<\/div><\/div><\/div><\/div><\/div><\/div><\/div><\/div><\/div><div class=\"vc_col-sm-6 wpb_column vc_column_container\"><div class=\"vc_column-inner\"><div class=\"wpb_wrapper\"><div class=\"w-separator size_medium\"><\/div><div class=\"w-image us_custom_4481559d hide_on_mobiles align_center\"><div class=\"w-image-h\"><img decoding=\"async\" width=\"580\" height=\"110\" src=\"https:\/\/forempleo.uc3m.es\/visitantes2025\/wp-content\/uploads\/sites\/21\/2025\/07\/LOGO_FOREMPLEO_2025.png\" class=\"attachment-us_600_0 size-us_600_0\" alt=\"\" loading=\"lazy\" srcset=\"https:\/\/forempleo.uc3m.es\/visitantes2025\/wp-content\/uploads\/sites\/21\/2025\/07\/LOGO_FOREMPLEO_2025.png 580w, https:\/\/forempleo.uc3m.es\/visitantes2025\/wp-content\/uploads\/sites\/21\/2025\/07\/LOGO_FOREMPLEO_2025-300x57.png 300w, https:\/\/forempleo.uc3m.es\/visitantes2025\/wp-content\/uploads\/sites\/21\/2025\/07\/LOGO_FOREMPLEO_2025-400x76.png 400w\" sizes=\"auto, (max-width: 580px) 100vw, 580px\" \/><\/div><\/div><div class=\"w-separator size_medium\"><\/div><div class=\"g-cols wpb_row us_custom_c5824f15 us_animate_this via_flex valign_top type_default stacking_default\"><div class=\"vc_col-sm-12 wpb_column vc_column_container\"><div class=\"vc_column-inner\"><div class=\"wpb_wrapper\"><div class=\"wpb_text_column us_custom_345c8b9d has_text_color\"><div class=\"wpb_wrapper\"><h4 style=\"text-align: left;\">UC3M Orientaci\u00f3n &amp; Empleo<\/h4>\n<\/div><\/div><div class=\"w-iconbox us_custom_345c8b9d has_text_color iconpos_left style_default color_custom align_left no_text\"><div class=\"w-iconbox-icon\" style=\"font-size:1.5rem;--icon-color:#ffffff;\"><i class=\"fal fa-phone\"><\/i><\/div><div class=\"w-iconbox-meta\"><p class=\"w-iconbox-title\">91 624 93 90\/ 57 00<\/p><\/div><\/div><div class=\"w-separator size_custom\" style=\"height:10px\"><\/div><div class=\"w-iconbox us_custom_345c8b9d has_text_color iconpos_left style_default color_custom align_left no_text\"><div class=\"w-iconbox-icon\" style=\"font-size:1.5rem;--icon-color:#ffffff;\"><i class=\"fal fa-envelope\"><\/i><\/div><div class=\"w-iconbox-meta\"><p class=\"w-iconbox-title\">forempleo@fund.uc3m.es<\/p><\/div><\/div><\/div><\/div><\/div><\/div><\/div><\/div><\/div><\/div><\/div><\/section><section class=\"l-section wpb_row height_auto\"><div class=\"l-section-h i-cf\"><div class=\"g-cols vc_row via_flex valign_top type_boxes stacking_default\"><div class=\"vc_col-sm-2 wpb_column vc_column_container\"><div class=\"vc_column-inner\"><div class=\"wpb_wrapper\"><\/div><\/div><\/div><div class=\"vc_col-sm-8 wpb_column vc_column_container\"><div class=\"vc_column-inner\"><div class=\"wpb_wrapper\"><div class=\"wpb_text_column\"><div class=\"wpb_wrapper\"><h3 style=\"text-align: center;\">Formulario de contacto<\/h3>\n<\/div><\/div><div class=\"wpb_text_column\"><div class=\"wpb_wrapper\"><p><span style=\"font-size: 70%;\">Los campos marcados con * es necesario cumplimentarlos.<\/span><\/p>\n<\/div><\/div>\n<div class=\"wpcf7 no-js\" id=\"wpcf7-f4119-o1\" lang=\"es-ES\" dir=\"ltr\" data-wpcf7-id=\"4119\">\n<div class=\"screen-reader-response\"><p role=\"status\" aria-live=\"polite\" aria-atomic=\"true\"><\/p> <ul><\/ul><\/div>\n<form action=\"\/visitantes2025\/wp-json\/wp\/v2\/pages\/3656#wpcf7-f4119-o1\" method=\"post\" class=\"wpcf7-form init\" aria-label=\"Formulario de contacto\" novalidate=\"novalidate\" data-status=\"init\">\n<fieldset class=\"hidden-fields-container\"><input type=\"hidden\" name=\"_wpcf7\" value=\"4119\" \/><input type=\"hidden\" name=\"_wpcf7_version\" value=\"6.1.5\" \/><input type=\"hidden\" name=\"_wpcf7_locale\" value=\"es_ES\" \/><input type=\"hidden\" name=\"_wpcf7_unit_tag\" value=\"wpcf7-f4119-o1\" \/><input type=\"hidden\" name=\"_wpcf7_container_post\" value=\"0\" \/><input type=\"hidden\" name=\"_wpcf7_posted_data_hash\" value=\"\" \/><input type=\"hidden\" name=\"_wpcf7_recaptcha_response\" value=\"\" \/>\n<\/fieldset>\n<p>Nombre (requerido)\n<\/p>\n<p><span class=\"wpcf7-form-control-wrap\" data-name=\"your-name\"><input size=\"40\" maxlength=\"400\" class=\"wpcf7-form-control wpcf7-text wpcf7-validates-as-required\" aria-required=\"true\" aria-invalid=\"false\" value=\"\" type=\"text\" name=\"your-name\" \/><\/span>\n<\/p>\n<p>Correo electr\u00f3nico (requerido)\n<\/p>\n<p><span class=\"wpcf7-form-control-wrap\" data-name=\"your-email\"><input size=\"40\" maxlength=\"400\" class=\"wpcf7-form-control wpcf7-email wpcf7-validates-as-required wpcf7-text wpcf7-validates-as-email\" aria-required=\"true\" aria-invalid=\"false\" value=\"\" type=\"email\" name=\"your-email\" \/><\/span>\n<\/p>\n<p>Asunto\n<\/p>\n<p><span class=\"wpcf7-form-control-wrap\" data-name=\"your-subject\"><input size=\"40\" maxlength=\"400\" class=\"wpcf7-form-control wpcf7-text\" aria-invalid=\"false\" value=\"\" type=\"text\" name=\"your-subject\" \/><\/span>\n<\/p>\n<p>Mensaje\n<\/p>\n<p><span class=\"wpcf7-form-control-wrap\" data-name=\"your-message\"><textarea cols=\"40\" rows=\"10\" maxlength=\"2000\" class=\"wpcf7-form-control wpcf7-textarea\" aria-invalid=\"false\" name=\"your-message\"><\/textarea><\/span>\n<\/p>\n<p class=\"acepto-21\"><span class=\"wpcf7-form-control-wrap\" data-name=\"acceptance-211\"><span class=\"wpcf7-form-control wpcf7-acceptance\"><span class=\"wpcf7-list-item\"><label><input type=\"checkbox\" name=\"acceptance-211\" value=\"1\" aria-invalid=\"false\" \/><span class=\"wpcf7-list-item-label\">He le\u00eddo y acepto las condiciones de protecci\u00f3n de datos personales.<\/span><\/label><\/span><\/span><\/span>\n<\/p>\n<p><input class=\"wpcf7-form-control wpcf7-submit has-spinner\" type=\"submit\" value=\"Enviar\" \/>\n<\/p><div class=\"wpcf7-response-output\" aria-hidden=\"true\"><\/div>\n<\/form>\n<\/div>\n<div id=\"modal-trg-txt-wrap-3407\" class=\"ult-modal-input-wrapper ult-adjust-bottom-margin    \" data-keypress-control=\"keypress-control-enable\" data-overlay-control=\"overlay-control-enable\"><span data-class-id=\"content-69d0cfcb8f53b8-93106193\"><\/span>\n\t\t\t\t<script type=\"text\/javascript\">\n\t\t\t\t(function($){\n\t\t\t\t\t$(document).ready(function(){\n\t\t\t\t\t\tvar selector = \".acepto-211\";\n\t\t\t\t\t\t$(selector).addClass(\"custom-ult-modal overlay-show\");\n\t\t\t\t\t\t$(selector).attr(\"data-class-id\", \"content-69d0cfcb8f53b8-93106193\");\n\t\t\t\t\t\t$(selector).attr(\"data-overlay-class\", \"overlay-cornerbottomleft\");\n\t\t\t\t\t\t$(selector).attr(\"data-keypress-control\", \"keypress-control-enable\");\n\t\t\t\t\t\t$(selector).attr(\"data-overlay-control\", \"overlay-control-enable\");\n\t\t\t\t\t});\n\t\t\t\t})(jQuery);\n\t\t\t\t<\/script><\/div>\n<div class=\"ult-overlay content-69d0cfcb8f53b8-93106193 \" data-class=\"content-69d0cfcb8f53b8-93106193\" id=\"button-click-overlay\" style=\"background:rgba(51,51,51,0.8); display:none;\">\n\t<div class=\"ult_modal ult-fade ult-small\">\n\t\t<div id=\"ult-modal-wrap-5026\" class=\"ult_modal-content ult-hide\" style=\"border-style:solid;border-width:2px;border-radius:0px;border-color:#333333;\">\n\t\t\t<div  data-ultimate-target='#ult-modal-wrap-5026 .ult_modal-body'  data-responsive-json-new='{\"font-size\":\"\",\"line-height\":\"\"}'  class=\"ult_modal-body ult-responsive ult-html\" style=\"\">\n\t\t\t\n<ul>\n<li><strong>Responsable:<\/strong> Fundaci\u00f3n Universidad Carlos III 916245700\/916249390 <a href=\"mailto:dspo@fund.uc3m.es\">dspo@fund.uc3m.es<\/a><\/li>\n<li><strong>Finalidad principal:<\/strong> Gestionar la solicitud de informaci\u00f3n y\/o sugerencias<\/li>\n<li><strong>Legitimaci\u00f3n:<\/strong> Consentimiento del interesado, ejecuci\u00f3n de un contrato o inter\u00e9s leg\u00edtimo.<\/li>\n<li><strong>Destinatarios<\/strong>: Se podr\u00e1n ceder los datos a la Universidad Carlos III de Madrid, empresas o instituciones colaboradoras<\/li>\n<li><strong>Derechos:<\/strong> acceder, rectificar y suprimir los datos, portabilidad de los datos, limitaci\u00f3n y oposici\u00f3n a su tratamiento, transparencia y derecho a no ser objeto de decisiones automatizadas<\/li>\n<li><strong>Informaci\u00f3n adicional:<\/strong> puede consultar la informaci\u00f3n adicional y detallada sobre nuestra pol\u00edtica de privacidad en <a href=\"https:\/\/forempleo.uc3m.es\/alumnos2025\/politica-de-privacidad\/\" target=\"_blank\" rel=\"noopener\">https:\/\/forempleo.uc3m.es\/alumnos2025\/politica-de-privacidad\/<\/a><\/li>\n<li><strong>Data Protection Officer (DPO):<\/strong> GRUPO ADAPTALIA LEGAL \u2013 FORMATIVO S.L. &#8211; 91 553 34 08 &#8211; <a href=\"mailto:legal@grupoadaptalia.es\">legal@grupoadaptalia.es<\/a><\/li>\n<\/ul>\n\n\t\t\t<\/div>\n\t<\/div>\n\t<\/div>\n\t<div class=\"ult-overlay-close top-right\" style=\"width:80px;height:80px; \"><div class=\"ult-overlay-close-inside\">Close<\/div><\/div>\n<\/div><\/div><\/div><\/div><div class=\"vc_col-sm-2 wpb_column vc_column_container\"><div class=\"vc_column-inner\"><div class=\"wpb_wrapper\"><\/div><\/div><\/div><\/div><\/div><\/section>\n","protected":false},"excerpt":{"rendered":"Informaci\u00f3n y contacto Si desea recibir informaci\u00f3n o enviarnos sugerencias sobre la celebraci\u00f3n de Forempleo 2025, que se celebrar\u00e1 los d\u00edas 1 y 2 de octubre de 2025, cumplimente por favor el siguiente formulario. UC3M Orientaci\u00f3n &amp; Empleo 91 624 93 90\/ 57 00forempleo@fund.uc3m.esFormulario de contacto Los campos marcados con * es necesario cumplimentarlos. Nombre...","protected":false},"author":1,"featured_media":0,"parent":0,"menu_order":0,"comment_status":"closed","ping_status":"closed","template":"","meta":{"footnotes":""},"class_list":["post-3656","page","type-page","status-publish","hentry"],"yoast_head":"<!-- This site is optimized with the Yoast SEO plugin v27.3 - https:\/\/yoast.com\/product\/yoast-seo-wordpress\/ -->\n<title>Forempleo 2025 | Contacto<\/title>\n<meta name=\"description\" content=\"\u00bfTienes dudas sobre Forempleo? Ponte en contacto con nosotros. Te esperamos los d\u00edas 1 y 2 de octubre en el. Campus de Legan\u00e9s de la UC3M\" \/>\n<meta name=\"robots\" content=\"index, follow, max-snippet:-1, max-image-preview:large, max-video-preview:-1\" \/>\n<link rel=\"canonical\" href=\"https:\/\/forempleo.uc3m.es\/visitantes2025\/contacto\/\" \/>\n<meta property=\"og:locale\" content=\"es_ES\" \/>\n<meta property=\"og:type\" content=\"article\" \/>\n<meta property=\"og:title\" content=\"Forempleo 2025 | Contacto\" \/>\n<meta property=\"og:description\" content=\"\u00bfTienes dudas sobre Forempleo? Ponte en contacto con nosotros. Te esperamos los d\u00edas 1 y 2 de octubre en el. Campus de Legan\u00e9s de la UC3M\" \/>\n<meta property=\"og:url\" content=\"https:\/\/forempleo.uc3m.es\/visitantes2025\/contacto\/\" \/>\n<meta property=\"og:site_name\" content=\"Forempleo 2025\" \/>\n<meta property=\"article:publisher\" content=\"https:\/\/www.facebook.com\/Forempleo-2017-1184284735049966\/\" \/>\n<meta property=\"article:modified_time\" content=\"2025-09-04T16:07:49+00:00\" \/>\n<meta name=\"twitter:card\" content=\"summary_large_image\" \/>\n<meta name=\"twitter:site\" content=\"@forempleoUC3M\" \/>\n<meta name=\"twitter:label1\" content=\"Tiempo de lectura\" \/>\n\t<meta name=\"twitter:data1\" content=\"1 minuto\" \/>\n<script type=\"application\/ld+json\" class=\"yoast-schema-graph\">{\"@context\":\"https:\\\/\\\/schema.org\",\"@graph\":[{\"@type\":\"WebPage\",\"@id\":\"https:\\\/\\\/forempleo.uc3m.es\\\/visitantes2025\\\/contacto\\\/\",\"url\":\"https:\\\/\\\/forempleo.uc3m.es\\\/visitantes2025\\\/contacto\\\/\",\"name\":\"Forempleo 2025 | Contacto\",\"isPartOf\":{\"@id\":\"https:\\\/\\\/forempleo.uc3m.es\\\/visitantes2025\\\/#website\"},\"datePublished\":\"2023-09-02T09:15:47+00:00\",\"dateModified\":\"2025-09-04T16:07:49+00:00\",\"description\":\"\u00bfTienes dudas sobre Forempleo? Ponte en contacto con nosotros. Te esperamos los d\u00edas 1 y 2 de octubre en el. Campus de Legan\u00e9s de la UC3M\",\"breadcrumb\":{\"@id\":\"https:\\\/\\\/forempleo.uc3m.es\\\/visitantes2025\\\/contacto\\\/#breadcrumb\"},\"inLanguage\":\"es\",\"potentialAction\":[{\"@type\":\"ReadAction\",\"target\":[\"https:\\\/\\\/forempleo.uc3m.es\\\/visitantes2025\\\/contacto\\\/\"]}]},{\"@type\":\"BreadcrumbList\",\"@id\":\"https:\\\/\\\/forempleo.uc3m.es\\\/visitantes2025\\\/contacto\\\/#breadcrumb\",\"itemListElement\":[{\"@type\":\"ListItem\",\"position\":1,\"name\":\"Portada\",\"item\":\"https:\\\/\\\/forempleo.uc3m.es\\\/visitantes2025\\\/\"},{\"@type\":\"ListItem\",\"position\":2,\"name\":\"Contacto\"}]},{\"@type\":\"WebSite\",\"@id\":\"https:\\\/\\\/forempleo.uc3m.es\\\/visitantes2025\\\/#website\",\"url\":\"https:\\\/\\\/forempleo.uc3m.es\\\/visitantes2025\\\/\",\"name\":\"Forempleo\",\"description\":\"La Feria de Empleo Universitario m\u00e1s importante de Espa\u00f1a\",\"publisher\":{\"@id\":\"https:\\\/\\\/forempleo.uc3m.es\\\/visitantes2025\\\/#organization\"},\"potentialAction\":[{\"@type\":\"SearchAction\",\"target\":{\"@type\":\"EntryPoint\",\"urlTemplate\":\"https:\\\/\\\/forempleo.uc3m.es\\\/visitantes2025\\\/?s={search_term_string}\"},\"query-input\":{\"@type\":\"PropertyValueSpecification\",\"valueRequired\":true,\"valueName\":\"search_term_string\"}}],\"inLanguage\":\"es\"},{\"@type\":\"Organization\",\"@id\":\"https:\\\/\\\/forempleo.uc3m.es\\\/visitantes2025\\\/#organization\",\"name\":\"Forempleo\",\"url\":\"https:\\\/\\\/forempleo.uc3m.es\\\/visitantes2025\\\/\",\"logo\":{\"@type\":\"ImageObject\",\"inLanguage\":\"es\",\"@id\":\"https:\\\/\\\/forempleo.uc3m.es\\\/visitantes2025\\\/#\\\/schema\\\/logo\\\/image\\\/\",\"url\":\"https:\\\/\\\/forempleo.uc3m.es\\\/visitantes2025\\\/wp-content\\\/uploads\\\/sites\\\/21\\\/2022\\\/08\\\/cropped-fav-icon-2022.png\",\"contentUrl\":\"https:\\\/\\\/forempleo.uc3m.es\\\/visitantes2025\\\/wp-content\\\/uploads\\\/sites\\\/21\\\/2022\\\/08\\\/cropped-fav-icon-2022.png\",\"width\":512,\"height\":512,\"caption\":\"Forempleo\"},\"image\":{\"@id\":\"https:\\\/\\\/forempleo.uc3m.es\\\/visitantes2025\\\/#\\\/schema\\\/logo\\\/image\\\/\"},\"sameAs\":[\"https:\\\/\\\/www.facebook.com\\\/Forempleo-2017-1184284735049966\\\/\",\"https:\\\/\\\/x.com\\\/forempleoUC3M\",\"https:\\\/\\\/www.instagram.com\\\/forempleo\\\/\",\"https:\\\/\\\/www.youtube.com\\\/channel\\\/UCyXs2GMKVt54bEBJVjkq-cg\"]}]}<\/script>\n<!-- \/ Yoast SEO plugin. -->","yoast_head_json":{"title":"Forempleo 2025 | Contacto","description":"\u00bfTienes dudas sobre Forempleo? Ponte en contacto con nosotros. Te esperamos los d\u00edas 1 y 2 de octubre en el. Campus de Legan\u00e9s de la UC3M","robots":{"index":"index","follow":"follow","max-snippet":"max-snippet:-1","max-image-preview":"max-image-preview:large","max-video-preview":"max-video-preview:-1"},"canonical":"https:\/\/forempleo.uc3m.es\/visitantes2025\/contacto\/","og_locale":"es_ES","og_type":"article","og_title":"Forempleo 2025 | Contacto","og_description":"\u00bfTienes dudas sobre Forempleo? Ponte en contacto con nosotros. Te esperamos los d\u00edas 1 y 2 de octubre en el. Campus de Legan\u00e9s de la UC3M","og_url":"https:\/\/forempleo.uc3m.es\/visitantes2025\/contacto\/","og_site_name":"Forempleo 2025","article_publisher":"https:\/\/www.facebook.com\/Forempleo-2017-1184284735049966\/","article_modified_time":"2025-09-04T16:07:49+00:00","twitter_card":"summary_large_image","twitter_site":"@forempleoUC3M","twitter_misc":{"Tiempo de lectura":"1 minuto"},"schema":{"@context":"https:\/\/schema.org","@graph":[{"@type":"WebPage","@id":"https:\/\/forempleo.uc3m.es\/visitantes2025\/contacto\/","url":"https:\/\/forempleo.uc3m.es\/visitantes2025\/contacto\/","name":"Forempleo 2025 | Contacto","isPartOf":{"@id":"https:\/\/forempleo.uc3m.es\/visitantes2025\/#website"},"datePublished":"2023-09-02T09:15:47+00:00","dateModified":"2025-09-04T16:07:49+00:00","description":"\u00bfTienes dudas sobre Forempleo? Ponte en contacto con nosotros. Te esperamos los d\u00edas 1 y 2 de octubre en el. Campus de Legan\u00e9s de la UC3M","breadcrumb":{"@id":"https:\/\/forempleo.uc3m.es\/visitantes2025\/contacto\/#breadcrumb"},"inLanguage":"es","potentialAction":[{"@type":"ReadAction","target":["https:\/\/forempleo.uc3m.es\/visitantes2025\/contacto\/"]}]},{"@type":"BreadcrumbList","@id":"https:\/\/forempleo.uc3m.es\/visitantes2025\/contacto\/#breadcrumb","itemListElement":[{"@type":"ListItem","position":1,"name":"Portada","item":"https:\/\/forempleo.uc3m.es\/visitantes2025\/"},{"@type":"ListItem","position":2,"name":"Contacto"}]},{"@type":"WebSite","@id":"https:\/\/forempleo.uc3m.es\/visitantes2025\/#website","url":"https:\/\/forempleo.uc3m.es\/visitantes2025\/","name":"Forempleo","description":"La Feria de Empleo Universitario m\u00e1s importante de Espa\u00f1a","publisher":{"@id":"https:\/\/forempleo.uc3m.es\/visitantes2025\/#organization"},"potentialAction":[{"@type":"SearchAction","target":{"@type":"EntryPoint","urlTemplate":"https:\/\/forempleo.uc3m.es\/visitantes2025\/?s={search_term_string}"},"query-input":{"@type":"PropertyValueSpecification","valueRequired":true,"valueName":"search_term_string"}}],"inLanguage":"es"},{"@type":"Organization","@id":"https:\/\/forempleo.uc3m.es\/visitantes2025\/#organization","name":"Forempleo","url":"https:\/\/forempleo.uc3m.es\/visitantes2025\/","logo":{"@type":"ImageObject","inLanguage":"es","@id":"https:\/\/forempleo.uc3m.es\/visitantes2025\/#\/schema\/logo\/image\/","url":"https:\/\/forempleo.uc3m.es\/visitantes2025\/wp-content\/uploads\/sites\/21\/2022\/08\/cropped-fav-icon-2022.png","contentUrl":"https:\/\/forempleo.uc3m.es\/visitantes2025\/wp-content\/uploads\/sites\/21\/2022\/08\/cropped-fav-icon-2022.png","width":512,"height":512,"caption":"Forempleo"},"image":{"@id":"https:\/\/forempleo.uc3m.es\/visitantes2025\/#\/schema\/logo\/image\/"},"sameAs":["https:\/\/www.facebook.com\/Forempleo-2017-1184284735049966\/","https:\/\/x.com\/forempleoUC3M","https:\/\/www.instagram.com\/forempleo\/","https:\/\/www.youtube.com\/channel\/UCyXs2GMKVt54bEBJVjkq-cg"]}]}},"_links":{"self":[{"href":"https:\/\/forempleo.uc3m.es\/visitantes2025\/wp-json\/wp\/v2\/pages\/3656","targetHints":{"allow":["GET"]}}],"collection":[{"href":"https:\/\/forempleo.uc3m.es\/visitantes2025\/wp-json\/wp\/v2\/pages"}],"about":[{"href":"https:\/\/forempleo.uc3m.es\/visitantes2025\/wp-json\/wp\/v2\/types\/page"}],"author":[{"embeddable":true,"href":"https:\/\/forempleo.uc3m.es\/visitantes2025\/wp-json\/wp\/v2\/users\/1"}],"replies":[{"embeddable":true,"href":"https:\/\/forempleo.uc3m.es\/visitantes2025\/wp-json\/wp\/v2\/comments?post=3656"}],"version-history":[{"count":56,"href":"https:\/\/forempleo.uc3m.es\/visitantes2025\/wp-json\/wp\/v2\/pages\/3656\/revisions"}],"predecessor-version":[{"id":10553,"href":"https:\/\/forempleo.uc3m.es\/visitantes2025\/wp-json\/wp\/v2\/pages\/3656\/revisions\/10553"}],"wp:attachment":[{"href":"https:\/\/forempleo.uc3m.es\/visitantes2025\/wp-json\/wp\/v2\/media?parent=3656"}],"curies":[{"name":"wp","href":"https:\/\/api.w.org\/{rel}","templated":true}]}}