{"id":4170,"date":"2016-02-02T16:32:47","date_gmt":"2016-02-02T16:32:47","guid":{"rendered":"http:\/\/www.forempleo.com\/empresas2020beta\/?page_id=4170"},"modified":"2025-04-07T16:50:33","modified_gmt":"2025-04-07T16:50:33","slug":"como-expositor","status":"publish","type":"page","link":"https:\/\/forempleo.uc3m.es\/empresas2025\/como-expositor\/","title":{"rendered":"Stand"},"content":{"rendered":"<section class=\"l-section wpb_row height_small\"><div class=\"l-section-h i-cf\"><div class=\"g-cols vc_row via_flex valign_top type_boxes stacking_default\"><div class=\"vc_col-sm-6 wpb_column vc_column_container\"><div class=\"vc_column-inner\"><div class=\"wpb_wrapper\"><div class=\"g-cols wpb_row us_custom_35503508 us_animate_this via_flex valign_top type_default stacking_default\"><div class=\"vc_col-sm-12 wpb_column vc_column_container\"><div class=\"vc_column-inner\"><div class=\"wpb_wrapper\"><div class=\"w-image us_custom_70e9f71e has_height align_center\"><div class=\"w-image-h\"><img decoding=\"async\" width=\"508\" height=\"337\" src=\"https:\/\/forempleo.uc3m.es\/empresas2025\/wp-content\/uploads\/sites\/20\/2025\/03\/f25-expositor.png\" class=\"attachment-large size-large\" alt=\"\" loading=\"lazy\" srcset=\"https:\/\/forempleo.uc3m.es\/empresas2025\/wp-content\/uploads\/sites\/20\/2025\/03\/f25-expositor.png 508w, https:\/\/forempleo.uc3m.es\/empresas2025\/wp-content\/uploads\/sites\/20\/2025\/03\/f25-expositor-300x199.png 300w\" sizes=\"auto, (max-width: 508px) 100vw, 508px\" \/><\/div><\/div><div class=\"w-separator size_custom\" style=\"height:20px\"><\/div><div class=\"wpb_text_column\"><div class=\"wpb_wrapper\"><h1 style=\"text-align: left;\">Como expositor<\/h1>\n<\/div><\/div><\/div><\/div><\/div><\/div><\/div><\/div><\/div><div class=\"vc_col-sm-6 wpb_column vc_column_container\"><div class=\"vc_column-inner type_sticky\"><div class=\"wpb_wrapper\"><div class=\"w-separator size_medium\"><\/div><div class=\"w-image us_custom_4481559d hide_on_mobiles align_center\"><div class=\"w-image-h\"><img decoding=\"async\" width=\"567\" height=\"108\" src=\"https:\/\/forempleo.uc3m.es\/empresas2025\/wp-content\/uploads\/sites\/20\/2025\/03\/LOGO_FOREMPLEO_2025.png\" class=\"attachment-us_600_0 size-us_600_0\" alt=\"\" loading=\"lazy\" srcset=\"https:\/\/forempleo.uc3m.es\/empresas2025\/wp-content\/uploads\/sites\/20\/2025\/03\/LOGO_FOREMPLEO_2025.png 567w, https:\/\/forempleo.uc3m.es\/empresas2025\/wp-content\/uploads\/sites\/20\/2025\/03\/LOGO_FOREMPLEO_2025-300x57.png 300w\" sizes=\"auto, (max-width: 567px) 100vw, 567px\" \/><\/div><\/div><div class=\"w-separator size_medium\"><\/div><div class=\"wpb_text_column\"><div class=\"wpb_wrapper\"><p>Las empresas participantes contar\u00e1n con un stand para darse a conocer entre los estudiantes y alumni que visiten la feria.<\/p>\n<\/div><\/div><\/div><\/div><\/div><\/div><\/div><\/section><section class=\"l-section wpb_row us_custom_af6a9b6a desk height_auto\"><div class=\"l-section-h i-cf\"><div class=\"g-cols vc_row via_flex valign_top type_default stacking_default\" style=\"--additional-gap:10px;\"><div class=\"vc_col-sm-4 wpb_column vc_column_container\"><div class=\"vc_column-inner us_custom_4dff302d us_animate_this type_sticky\"><div class=\"wpb_wrapper\"><div class=\"g-cols wpb_row us_custom_c5824f15 us_animate_this via_flex valign_top type_default stacking_default\"><div class=\"vc_col-sm-12 wpb_column vc_column_container\"><div class=\"vc_column-inner\"><div class=\"wpb_wrapper\"><div class=\"wpb_text_column us_custom_aeada080 has_text_color us_animate_this\"><div class=\"wpb_wrapper\"><h1 style=\"text-align: left;\">Abierto el plazo de inscripci\u00f3n de empresas<\/h1>\n<\/div><\/div><div class=\"w-btn-wrapper align_left\"><a class=\"w-btn us-btn-style_6 icon_atright\" target=\"_blank\" href=\"https:\/\/forempleo.uc3m.es\/empresas2025\/wp-content\/uploads\/sites\/20\/2025\/04\/Dossier_Forempleo_2025.pdf\"><span class=\"w-btn-label\">Descargar dossier<\/span><i class=\"fal fa-arrow-to-bottom\"><\/i><\/a><\/div><\/div><\/div><\/div><\/div><\/div><\/div><\/div><div class=\"vc_col-sm-8 wpb_column vc_column_container us_animate_afb\" style=\"animation-delay:0s\"><div class=\"vc_column-inner\"><div class=\"wpb_wrapper\"><div class=\"g-cols wpb_row us_custom_35503508 us_animate_this via_flex valign_top type_default stacking_default\"><div class=\"vc_col-sm-12 wpb_column vc_column_container\"><div class=\"vc_column-inner\"><div class=\"wpb_wrapper\"><div class=\"w-iconbox iconpos_left style_default color_primary align_left no_text\"><div class=\"w-iconbox-icon\" style=\"font-size:2rem;\"><i class=\"fal fa-pennant\"><\/i><\/div><div class=\"w-iconbox-meta\"><h3 class=\"w-iconbox-title\">Stand y dotaciones<\/h3><\/div><\/div><div class=\"w-separator size_custom\" style=\"height:20px\"><\/div><div class=\"wpb_text_column\"><div class=\"wpb_wrapper\"><p>Las empresas e instituciones participantes se dar\u00e1n a conocer a trav\u00e9s del sistema tradicional de exposici\u00f3n ferial con stands, donde podr\u00e1n mantener un contacto directo con los universitarios. Las dotaciones del stand son:<\/p>\n<ul>\n<li>Stand modular, de aproximadamente 6 m2, con perfil de aluminio, color blanco y paredes de madera del mismo color.<\/li>\n<li>Mobiliario: Dos taburetes, una mesa alta y mostrador lateral.<\/li>\n<li>Rotulaci\u00f3n general para cada stand, con el nombre de la empresa expositora.<\/li>\n<li>Iluminaci\u00f3n propia para cada stand, mediante carril con dos focos giratorios.<\/li>\n<li>Acometida el\u00e9ctrica: Un enchufe por stand.<\/li>\n<\/ul>\n<\/div><\/div><\/div><\/div><\/div><\/div><div class=\"w-separator size_custom\" style=\"height:20px\"><\/div><div class=\"g-cols wpb_row us_custom_35503508 us_animate_this via_flex valign_top type_default stacking_default\"><div class=\"vc_col-sm-12 wpb_column vc_column_container\"><div class=\"vc_column-inner\"><div class=\"wpb_wrapper\"><div class=\"w-iconbox iconpos_left style_default color_primary align_left no_text\"><div class=\"w-iconbox-icon\" style=\"font-size:2rem;\"><i class=\"fal fa-comment-lines\"><\/i><\/div><div class=\"w-iconbox-meta\"><h3 class=\"w-iconbox-title\">Difusi\u00f3n e im\u00e1gen<\/h3><\/div><\/div><div class=\"w-separator size_custom\" style=\"height:20px\"><\/div><div class=\"wpb_text_column\"><div class=\"wpb_wrapper\"><ul>\n<li>Inclusi\u00f3n en el Cat\u00e1logo Oficial digital, que se difundir\u00e1 en el \u00e1mbito de esta Universidad y entre todos los visitantes de Forempleo 2025.<\/li>\n<li>Campa\u00f1a de difusi\u00f3n entre todo el \u00e1mbito de influencia de la Universidad Carlos III de Madrid.<\/li>\n<li>Espacio propio dentro de la web de Forempleo 2025, para difundir informaci\u00f3n sobre la empresa.<\/li>\n<\/ul>\n<\/div><\/div><\/div><\/div><\/div><\/div><div class=\"w-separator size_custom\" style=\"height:20px\"><\/div><div class=\"g-cols wpb_row us_custom_35503508 us_animate_this via_flex valign_top type_default stacking_default\"><div class=\"vc_col-sm-12 wpb_column vc_column_container\"><div class=\"vc_column-inner\"><div class=\"wpb_wrapper\"><div class=\"w-iconbox iconpos_left style_default color_primary align_left no_text\"><div class=\"w-iconbox-icon\" style=\"font-size:2rem;\"><i class=\"fal fa-hand-receiving\"><\/i><\/div><div class=\"w-iconbox-meta\"><h3 class=\"w-iconbox-title\">Otros servicios<\/h3><\/div><\/div><div class=\"w-separator size_custom\" style=\"height:20px\"><\/div><div class=\"wpb_text_column\"><div class=\"wpb_wrapper\"><ul>\n<li>Una plaza de aparcamiento por empresa.<\/li>\n<li>Tickets de comida.<\/li>\n<li>Conexi\u00f3n a Internet a trav\u00e9s de red Wi-Fi.<\/li>\n<li>Atenci\u00f3n personalizada a la empresa.<\/li>\n<li>Servicio de desayuno en Zona de Descanso.<\/li>\n<li>Relaci\u00f3n con los medios que acuden a cubrir el evento.<\/li>\n<li>Seguro de Responsabilidad Civil.<\/li>\n<li>Dossier de prensa con las apariciones m\u00e1s importantes de Forempleo 2025 en radio, televisi\u00f3n, prensa, etc.<\/li>\n<\/ul>\n<\/div><\/div><\/div><\/div><\/div><\/div><\/div><\/div><\/div><\/div><\/div><\/section><section class=\"l-section wpb_row height_medium\"><div class=\"l-section-h i-cf\"><div class=\"g-cols vc_row via_flex valign_top type_default stacking_default\"><div class=\"vc_col-sm-12 wpb_column vc_column_container\"><div class=\"vc_column-inner\"><div class=\"wpb_wrapper\"><div class=\"wpb_text_column us_custom_a518f36e us_animate_this\"><div class=\"wpb_wrapper\"><h2 style=\"text-align: left;\">Planta de distribuci\u00f3n<\/h2>\n<\/div><\/div><div class=\"w-separator size_custom with_line width_screen thick_4 style_solid color_primary align_center\" style=\"height:10px\"><div class=\"w-separator-h\"><\/div><\/div><div class=\"g-cols wpb_row via_flex valign_top type_default stacking_default\"><div class=\"vc_col-sm-2 wpb_column vc_column_container\"><div class=\"vc_column-inner\"><div class=\"wpb_wrapper\"><\/div><\/div><\/div><div class=\"vc_col-sm-8 wpb_column vc_column_container\"><div class=\"vc_column-inner\"><div class=\"wpb_wrapper\"><div class=\"w-image align_center\"><div class=\"w-image-h\"><img decoding=\"async\" width=\"1024\" height=\"909\" src=\"https:\/\/forempleo.uc3m.es\/empresas2025\/wp-content\/uploads\/sites\/20\/2024\/04\/Plano_carpa_forempleo24-1-1024x909.jpg\" class=\"attachment-large size-large\" alt=\"\" loading=\"lazy\" srcset=\"https:\/\/forempleo.uc3m.es\/empresas2025\/wp-content\/uploads\/sites\/20\/2024\/04\/Plano_carpa_forempleo24-1-1024x909.jpg 1024w, https:\/\/forempleo.uc3m.es\/empresas2025\/wp-content\/uploads\/sites\/20\/2024\/04\/Plano_carpa_forempleo24-1-300x266.jpg 300w, https:\/\/forempleo.uc3m.es\/empresas2025\/wp-content\/uploads\/sites\/20\/2024\/04\/Plano_carpa_forempleo24-1-600x532.jpg 600w, https:\/\/forempleo.uc3m.es\/empresas2025\/wp-content\/uploads\/sites\/20\/2024\/04\/Plano_carpa_forempleo24-1-768x681.jpg 768w, https:\/\/forempleo.uc3m.es\/empresas2025\/wp-content\/uploads\/sites\/20\/2024\/04\/Plano_carpa_forempleo24-1.jpg 1038w\" sizes=\"auto, (max-width: 1024px) 100vw, 1024px\" \/><\/div><\/div><div class=\"w-separator size_medium\"><\/div><div class=\"wpb_text_column us_custom_f4397b66\"><div class=\"wpb_wrapper\"><p style=\"text-align: center;\">(*) Este plano no es contractual. La Organizaci\u00f3n se reserva el derecho a modificarlo en caso de necesidad.<\/p>\n<\/div><\/div><\/div><\/div><\/div><div class=\"vc_col-sm-2 wpb_column vc_column_container\"><div class=\"vc_column-inner\"><div class=\"wpb_wrapper\"><\/div><\/div><\/div><\/div><\/div><\/div><\/div><\/div><\/div><\/section><section class=\"l-section wpb_row height_medium\"><div class=\"l-section-h i-cf\"><div class=\"g-cols vc_row via_flex valign_top type_default stacking_default\"><div class=\"vc_col-sm-3 wpb_column vc_column_container\"><div class=\"vc_column-inner\"><div class=\"wpb_wrapper\"><\/div><\/div><\/div><div class=\"vc_col-sm-6 wpb_column vc_column_container\"><div class=\"vc_column-inner\"><div class=\"wpb_wrapper\"><div class=\"g-cols wpb_row us_custom_c5824f15 us_animate_this via_flex valign_top type_default stacking_default\"><div class=\"vc_col-sm-12 wpb_column vc_column_container\"><div class=\"vc_column-inner\"><div class=\"wpb_wrapper\"><div class=\"wpb_text_column us_custom_aeada080 has_text_color us_animate_this\"><div class=\"wpb_wrapper\"><h1 style=\"text-align: center;\">Reserva tu espacio ahora<\/h1>\n<\/div><\/div><div class=\"wpb_text_column us_custom_8b3d6790 has_text_color\"><div class=\"wpb_wrapper\"><h4 style=\"text-align: center;\">\u00a1No te quedes fuera! Escr\u00edbenos a <a href=\"mailto:forempleo@fund.uc3m.es\">forempleo@fund.uc3m.es<\/a> para formalizar tu presencia en Forempleo 2025<\/h4>\n<h3 style=\"text-align: center;\">Tarifa: 3.000,00 \u20ac + IVA<\/h3>\n<\/div><\/div><\/div><\/div><\/div><\/div><\/div><\/div><\/div><div class=\"vc_col-sm-3 wpb_column vc_column_container\"><div class=\"vc_column-inner\"><div class=\"wpb_wrapper\"><\/div><\/div><\/div><\/div><\/div><\/section>\n","protected":false},"excerpt":{"rendered":"Como expositor Las empresas participantes contar\u00e1n con un stand para darse a conocer entre los estudiantes y alumni que visiten la feria. Abierto el plazo de inscripci\u00f3n de empresas Descargar dossierStand y dotacionesLas empresas e instituciones participantes se dar\u00e1n a conocer a trav\u00e9s del sistema tradicional de exposici\u00f3n ferial con stands, donde podr\u00e1n mantener un...","protected":false},"author":3,"featured_media":0,"parent":0,"menu_order":0,"comment_status":"closed","ping_status":"closed","template":"","meta":{"footnotes":""},"class_list":["post-4170","page","type-page","status-publish","hentry"],"yoast_head":"<!-- This site is optimized with the Yoast SEO plugin v27.3 - https:\/\/yoast.com\/product\/yoast-seo-wordpress\/ -->\n<title>Forempleo 2025 | Participa como expositor<\/title>\n<meta name=\"description\" content=\"Inf\u00f3rmate sobre c\u00f3mo participar como expositor en Forempleo 2025 y conecta con el mejor talento universitario.\" \/>\n<meta name=\"robots\" content=\"index, follow, max-snippet:-1, max-image-preview:large, max-video-preview:-1\" \/>\n<link rel=\"canonical\" href=\"https:\/\/forempleo.uc3m.es\/empresas2025\/como-expositor\/\" \/>\n<meta property=\"og:locale\" content=\"es_ES\" \/>\n<meta property=\"og:type\" content=\"article\" \/>\n<meta property=\"og:title\" content=\"Forempleo | Reserva tu stand\" \/>\n<meta property=\"og:description\" content=\"Participa en la feria m\u00e1s importante del primer empleo en Madrid. Entra en contacto con m\u00e1s de 9.000 estudiantes. \u00a1Reserva ya tu stand!\" \/>\n<meta property=\"og:url\" content=\"https:\/\/forempleo.uc3m.es\/empresas2025\/como-expositor\/\" \/>\n<meta property=\"og:site_name\" content=\"Forempleo Empresas 2025\" \/>\n<meta property=\"article:modified_time\" content=\"2025-04-07T16:50:33+00:00\" \/>\n<meta property=\"og:image\" content=\"https:\/\/forempleo.uc3m.es\/empresas2025\/wp-content\/uploads\/sites\/20\/2022\/03\/expositor.png\" \/>\n\t<meta property=\"og:image:width\" content=\"200\" \/>\n\t<meta property=\"og:image:height\" content=\"200\" \/>\n\t<meta property=\"og:image:type\" content=\"image\/png\" \/>\n<meta name=\"twitter:card\" content=\"summary_large_image\" \/>\n<meta name=\"twitter:title\" content=\"Forempleo | Reserva tu stand\" \/>\n<meta name=\"twitter:description\" content=\"Participa en la feria m\u00e1s importante del primer empleo en Madrid. Entra en contacto con m\u00e1s de 9.000 estudiantes. \u00a1Reserva ya tu stand!\" \/>\n<meta name=\"twitter:image\" content=\"https:\/\/forempleo.uc3m.es\/empresas2025\/wp-content\/uploads\/sites\/20\/2022\/03\/expositor.png\" \/>\n<meta name=\"twitter:label1\" content=\"Tiempo de lectura\" \/>\n\t<meta name=\"twitter:data1\" content=\"2 minutos\" \/>\n<script type=\"application\/ld+json\" class=\"yoast-schema-graph\">{\"@context\":\"https:\\\/\\\/schema.org\",\"@graph\":[{\"@type\":\"WebPage\",\"@id\":\"https:\\\/\\\/forempleo.uc3m.es\\\/empresas2025\\\/como-expositor\\\/\",\"url\":\"https:\\\/\\\/forempleo.uc3m.es\\\/empresas2025\\\/como-expositor\\\/\",\"name\":\"Forempleo 2025 | Participa como expositor\",\"isPartOf\":{\"@id\":\"https:\\\/\\\/forempleo.uc3m.es\\\/empresas2022\\\/es\\\/#website\"},\"datePublished\":\"2016-02-02T16:32:47+00:00\",\"dateModified\":\"2025-04-07T16:50:33+00:00\",\"description\":\"Inf\u00f3rmate sobre c\u00f3mo participar como expositor en Forempleo 2025 y conecta con el mejor talento universitario.\",\"breadcrumb\":{\"@id\":\"https:\\\/\\\/forempleo.uc3m.es\\\/empresas2025\\\/como-expositor\\\/#breadcrumb\"},\"inLanguage\":\"es\",\"potentialAction\":[{\"@type\":\"ReadAction\",\"target\":[\"https:\\\/\\\/forempleo.uc3m.es\\\/empresas2025\\\/como-expositor\\\/\"]}]},{\"@type\":\"BreadcrumbList\",\"@id\":\"https:\\\/\\\/forempleo.uc3m.es\\\/empresas2025\\\/como-expositor\\\/#breadcrumb\",\"itemListElement\":[{\"@type\":\"ListItem\",\"position\":1,\"name\":\"Portada\",\"item\":\"https:\\\/\\\/forempleo.uc3m.es\\\/empresas2025\\\/\"},{\"@type\":\"ListItem\",\"position\":2,\"name\":\"Stand\"}]},{\"@type\":\"WebSite\",\"@id\":\"https:\\\/\\\/forempleo.uc3m.es\\\/empresas2022\\\/es\\\/#website\",\"url\":\"https:\\\/\\\/forempleo.uc3m.es\\\/empresas2022\\\/es\\\/\",\"name\":\"Forempleo Empresas 2025\",\"description\":\"La Feria de Empleo Universitario m\u00e1s importante de Espa\u00f1a\",\"potentialAction\":[{\"@type\":\"SearchAction\",\"target\":{\"@type\":\"EntryPoint\",\"urlTemplate\":\"https:\\\/\\\/forempleo.uc3m.es\\\/empresas2022\\\/es\\\/?s={search_term_string}\"},\"query-input\":{\"@type\":\"PropertyValueSpecification\",\"valueRequired\":true,\"valueName\":\"search_term_string\"}}],\"inLanguage\":\"es\"}]}<\/script>\n<!-- \/ Yoast SEO plugin. -->","yoast_head_json":{"title":"Forempleo 2025 | Participa como expositor","description":"Inf\u00f3rmate sobre c\u00f3mo participar como expositor en Forempleo 2025 y conecta con el mejor talento universitario.","robots":{"index":"index","follow":"follow","max-snippet":"max-snippet:-1","max-image-preview":"max-image-preview:large","max-video-preview":"max-video-preview:-1"},"canonical":"https:\/\/forempleo.uc3m.es\/empresas2025\/como-expositor\/","og_locale":"es_ES","og_type":"article","og_title":"Forempleo | Reserva tu stand","og_description":"Participa en la feria m\u00e1s importante del primer empleo en Madrid. Entra en contacto con m\u00e1s de 9.000 estudiantes. \u00a1Reserva ya tu stand!","og_url":"https:\/\/forempleo.uc3m.es\/empresas2025\/como-expositor\/","og_site_name":"Forempleo Empresas 2025","article_modified_time":"2025-04-07T16:50:33+00:00","og_image":[{"width":200,"height":200,"url":"https:\/\/forempleo.uc3m.es\/empresas2025\/wp-content\/uploads\/sites\/20\/2022\/03\/expositor.png","type":"image\/png"}],"twitter_card":"summary_large_image","twitter_title":"Forempleo | Reserva tu stand","twitter_description":"Participa en la feria m\u00e1s importante del primer empleo en Madrid. Entra en contacto con m\u00e1s de 9.000 estudiantes. \u00a1Reserva ya tu stand!","twitter_image":"https:\/\/forempleo.uc3m.es\/empresas2025\/wp-content\/uploads\/sites\/20\/2022\/03\/expositor.png","twitter_misc":{"Tiempo de lectura":"2 minutos"},"schema":{"@context":"https:\/\/schema.org","@graph":[{"@type":"WebPage","@id":"https:\/\/forempleo.uc3m.es\/empresas2025\/como-expositor\/","url":"https:\/\/forempleo.uc3m.es\/empresas2025\/como-expositor\/","name":"Forempleo 2025 | Participa como expositor","isPartOf":{"@id":"https:\/\/forempleo.uc3m.es\/empresas2022\/es\/#website"},"datePublished":"2016-02-02T16:32:47+00:00","dateModified":"2025-04-07T16:50:33+00:00","description":"Inf\u00f3rmate sobre c\u00f3mo participar como expositor en Forempleo 2025 y conecta con el mejor talento universitario.","breadcrumb":{"@id":"https:\/\/forempleo.uc3m.es\/empresas2025\/como-expositor\/#breadcrumb"},"inLanguage":"es","potentialAction":[{"@type":"ReadAction","target":["https:\/\/forempleo.uc3m.es\/empresas2025\/como-expositor\/"]}]},{"@type":"BreadcrumbList","@id":"https:\/\/forempleo.uc3m.es\/empresas2025\/como-expositor\/#breadcrumb","itemListElement":[{"@type":"ListItem","position":1,"name":"Portada","item":"https:\/\/forempleo.uc3m.es\/empresas2025\/"},{"@type":"ListItem","position":2,"name":"Stand"}]},{"@type":"WebSite","@id":"https:\/\/forempleo.uc3m.es\/empresas2022\/es\/#website","url":"https:\/\/forempleo.uc3m.es\/empresas2022\/es\/","name":"Forempleo Empresas 2025","description":"La Feria de Empleo Universitario m\u00e1s importante de Espa\u00f1a","potentialAction":[{"@type":"SearchAction","target":{"@type":"EntryPoint","urlTemplate":"https:\/\/forempleo.uc3m.es\/empresas2022\/es\/?s={search_term_string}"},"query-input":{"@type":"PropertyValueSpecification","valueRequired":true,"valueName":"search_term_string"}}],"inLanguage":"es"}]}},"_links":{"self":[{"href":"https:\/\/forempleo.uc3m.es\/empresas2025\/wp-json\/wp\/v2\/pages\/4170","targetHints":{"allow":["GET"]}}],"collection":[{"href":"https:\/\/forempleo.uc3m.es\/empresas2025\/wp-json\/wp\/v2\/pages"}],"about":[{"href":"https:\/\/forempleo.uc3m.es\/empresas2025\/wp-json\/wp\/v2\/types\/page"}],"author":[{"embeddable":true,"href":"https:\/\/forempleo.uc3m.es\/empresas2025\/wp-json\/wp\/v2\/users\/3"}],"replies":[{"embeddable":true,"href":"https:\/\/forempleo.uc3m.es\/empresas2025\/wp-json\/wp\/v2\/comments?post=4170"}],"version-history":[{"count":121,"href":"https:\/\/forempleo.uc3m.es\/empresas2025\/wp-json\/wp\/v2\/pages\/4170\/revisions"}],"predecessor-version":[{"id":6691,"href":"https:\/\/forempleo.uc3m.es\/empresas2025\/wp-json\/wp\/v2\/pages\/4170\/revisions\/6691"}],"wp:attachment":[{"href":"https:\/\/forempleo.uc3m.es\/empresas2025\/wp-json\/wp\/v2\/media?parent=4170"}],"curies":[{"name":"wp","href":"https:\/\/api.w.org\/{rel}","templated":true}]}}