{"id":57,"date":"2026-03-12T17:00:45","date_gmt":"2026-03-12T16:00:45","guid":{"rendered":"https:\/\/forempleo.uc3m.es\/empresas\/?page_id=57"},"modified":"2026-04-16T11:58:33","modified_gmt":"2026-04-16T09:58:33","slug":"informacion-y-contacto","status":"publish","type":"page","link":"https:\/\/forempleo.uc3m.es\/empresas\/informacion-y-contacto\/","title":{"rendered":"Informaci\u00f3n y Contacto"},"content":{"rendered":"<section class=\"l-section wpb_row height_medium\"><div class=\"l-section-h i-cf\"><div class=\"g-cols vc_row via_flex valign_top type_default stacking_default\"><div class=\"vc_col-sm-12 wpb_column vc_column_container\"><div class=\"vc_column-inner\"><div class=\"wpb_wrapper\"><div class=\"w-image us_custom_08eb38e1 align_center\"><div class=\"w-image-h\"><img decoding=\"async\" width=\"1281\" height=\"555\" src=\"https:\/\/forempleo.uc3m.es\/empresas\/wp-content\/uploads\/2026\/04\/Group-36.png\" class=\"attachment-full size-full\" alt=\"\" loading=\"lazy\" srcset=\"https:\/\/forempleo.uc3m.es\/empresas\/wp-content\/uploads\/2026\/04\/Group-36.png 1281w, https:\/\/forempleo.uc3m.es\/empresas\/wp-content\/uploads\/2026\/04\/Group-36-300x130.png 300w, https:\/\/forempleo.uc3m.es\/empresas\/wp-content\/uploads\/2026\/04\/Group-36-1024x444.png 1024w, https:\/\/forempleo.uc3m.es\/empresas\/wp-content\/uploads\/2026\/04\/Group-36-600x260.png 600w, https:\/\/forempleo.uc3m.es\/empresas\/wp-content\/uploads\/2026\/04\/Group-36-768x333.png 768w\" sizes=\"auto, (max-width: 1281px) 100vw, 1281px\" \/><\/div><\/div><div class=\"wpb_text_column us_custom_5c216bda has_text_color\"><div class=\"wpb_wrapper\"><h1 style=\"text-align: center;\">Informaci\u00f3n y contacto<\/h1>\n<\/div><\/div><\/div><\/div><\/div><\/div><\/div><\/section><section class=\"l-section wpb_row height_medium\"><div class=\"l-section-h i-cf\"><div class=\"g-cols vc_row via_flex valign_top type_default stacking_default\"><div class=\"vc_col-sm-6 wpb_column vc_column_container\"><div class=\"vc_column-inner us_custom_b24806f0 us_animate_this\"><div class=\"wpb_wrapper\"><div class=\"wpb_text_column\"><div class=\"wpb_wrapper\"><p>\u00bfList@ para conectar con el talento de la UC3M? Las plazas para empresas expositoras son limitadas. Rellena el siguiente formulario para solicitar tu espacio en la feria o para resolver cualquier duda sobre las modalidades de participaci\u00f3n. Nuestro equipo se pondr\u00e1 en contacto contigo a la mayor brevedad para formalizar tu inscripci\u00f3n y ayudarte a planificar tu presencia.<\/p>\n<\/div><\/div><\/div><\/div><\/div><div class=\"vc_col-sm-6 wpb_column vc_column_container  has_bg_color\"><div class=\"vc_column-inner us_custom_742a6d85 us_animate_this\"><div class=\"wpb_wrapper\"><div class=\"wpb_text_column\"><div class=\"wpb_wrapper\"><h4 style=\"text-align: left;\">UC3M Orientaci\u00f3n &amp; Empleo<\/h4>\n<\/div><\/div><div class=\"w-iconbox iconpos_left style_default color_custom align_left no_text\"><div class=\"w-iconbox-icon\" style=\"font-size:1.5rem;--icon-color:#666666;\"><i class=\"fal fa-phone\"><\/i><\/div><div class=\"w-iconbox-meta\"><p class=\"w-iconbox-title\">91 624 93 90\/ 57 00<\/p><\/div><\/div><div class=\"w-separator size_custom\" style=\"height:10px\"><\/div><div class=\"w-iconbox iconpos_left style_default color_custom align_left no_text\"><div class=\"w-iconbox-icon\" style=\"font-size:1.5rem;--icon-color:#666666;\"><i class=\"fal fa-envelope\"><\/i><\/div><div class=\"w-iconbox-meta\"><p class=\"w-iconbox-title\">forempleo@fund.uc3m.es<\/p><\/div><\/div><\/div><\/div><\/div><\/div><\/div><\/section><section class=\"l-section wpb_row height_auto\"><div class=\"l-section-h i-cf\"><div class=\"g-cols vc_row via_flex valign_top type_boxes stacking_default\"><div class=\"vc_col-sm-2 wpb_column vc_column_container\"><div class=\"vc_column-inner\"><div class=\"wpb_wrapper\"><\/div><\/div><\/div><div class=\"vc_col-sm-8 wpb_column vc_column_container\"><div class=\"vc_column-inner\"><div class=\"wpb_wrapper\"><div class=\"wpb_text_column\"><div class=\"wpb_wrapper\"><h3 style=\"text-align: center;\">Formulario de contacto<\/h3>\n<\/div><\/div><div class=\"wpb_text_column\"><div class=\"wpb_wrapper\"><p><span style=\"font-size: 70%;\">Los campos marcados con * es necesario cumplimentarlos.<\/span><\/p>\n<\/div><\/div>\n<div class=\"wpcf7 no-js\" id=\"wpcf7-f64-o1\" lang=\"es-ES\" dir=\"ltr\" data-wpcf7-id=\"64\">\n<div class=\"screen-reader-response\"><p role=\"status\" aria-live=\"polite\" aria-atomic=\"true\"><\/p> <ul><\/ul><\/div>\n<form action=\"\/empresas\/wp-json\/wp\/v2\/pages\/57#wpcf7-f64-o1\" method=\"post\" class=\"wpcf7-form init\" aria-label=\"Formulario de contacto\" novalidate=\"novalidate\" data-status=\"init\">\n<fieldset class=\"hidden-fields-container\"><input type=\"hidden\" name=\"_wpcf7\" value=\"64\" \/><input type=\"hidden\" name=\"_wpcf7_version\" value=\"6.1.5\" \/><input type=\"hidden\" name=\"_wpcf7_locale\" value=\"es_ES\" \/><input type=\"hidden\" name=\"_wpcf7_unit_tag\" value=\"wpcf7-f64-o1\" \/><input type=\"hidden\" name=\"_wpcf7_container_post\" value=\"0\" \/><input type=\"hidden\" name=\"_wpcf7_posted_data_hash\" value=\"\" \/>\n<\/fieldset>\n<p>Nombre*\n<\/p>\n<p><span class=\"wpcf7-form-control-wrap\" data-name=\"your-name\"><input size=\"40\" maxlength=\"400\" class=\"wpcf7-form-control wpcf7-text wpcf7-validates-as-required\" aria-required=\"true\" aria-invalid=\"false\" value=\"\" type=\"text\" name=\"your-name\" \/><\/span>\n<\/p>\n<p>Empresa \/ Instituci\u00f3n*\n<\/p>\n<p><span class=\"wpcf7-form-control-wrap\" data-name=\"your-company\"><input size=\"40\" maxlength=\"400\" class=\"wpcf7-form-control wpcf7-text wpcf7-validates-as-required\" aria-required=\"true\" aria-invalid=\"false\" value=\"\" type=\"text\" name=\"your-company\" \/><\/span>\n<\/p>\n<p>Cargo*\n<\/p>\n<p><span class=\"wpcf7-form-control-wrap\" data-name=\"your-cargo\"><input size=\"40\" maxlength=\"400\" class=\"wpcf7-form-control wpcf7-text wpcf7-validates-as-required\" aria-required=\"true\" aria-invalid=\"false\" value=\"\" type=\"text\" name=\"your-cargo\" \/><\/span>\n<\/p>\n<p>Tel\u00e9fono\n<\/p>\n<p><span class=\"wpcf7-form-control-wrap\" data-name=\"your-phone\"><input size=\"40\" maxlength=\"400\" class=\"wpcf7-form-control wpcf7-text\" aria-invalid=\"false\" value=\"\" type=\"text\" name=\"your-phone\" \/><\/span>\n<\/p>\n<p>Correo electr\u00f3nico*\n<\/p>\n<p><span class=\"wpcf7-form-control-wrap\" data-name=\"your-email\"><input size=\"40\" maxlength=\"400\" class=\"wpcf7-form-control wpcf7-email wpcf7-validates-as-required wpcf7-text wpcf7-validates-as-email\" aria-required=\"true\" aria-invalid=\"false\" value=\"\" type=\"email\" name=\"your-email\" \/><\/span>\n<\/p>\n<p>Observaciones*\n<\/p>\n<p><span class=\"wpcf7-form-control-wrap\" data-name=\"your-message\"><textarea cols=\"40\" rows=\"10\" maxlength=\"2000\" class=\"wpcf7-form-control wpcf7-textarea wpcf7-validates-as-required\" aria-required=\"true\" aria-invalid=\"false\" name=\"your-message\"><\/textarea><\/span>\n<\/p>\n<p class=\"acepta2\"><span class=\"wpcf7-form-control-wrap\" data-name=\"acceptance-199\"><span class=\"wpcf7-form-control wpcf7-acceptance\"><span class=\"wpcf7-list-item\"><label><input type=\"checkbox\" name=\"acceptance-199\" value=\"1\" id=\"leido\" aria-invalid=\"false\" \/><span class=\"wpcf7-list-item-label\">He le\u00eddo y acepto las condiciones de protecci\u00f3n de datos personales.<\/span><\/label><\/span><\/span><\/span>\n<\/p>\n<p><input class=\"wpcf7-form-control wpcf7-submit has-spinner\" type=\"submit\" value=\"Enviar\" \/>\n<\/p><div class=\"wpcf7-response-output\" aria-hidden=\"true\"><\/div>\n<\/form>\n<\/div>\n[vc_raw_html]JTNDZGl2JTIwY2xhc3MlM0QlMjJtb2QtYmclMjIlM0UlM0MlMkZkaXYlM0UlMEElM0NkaXYlMjBjbGFzcyUzRCUyMm1vZC1hY2NlcHRhbmNlJTIyJTNFJTBBJTNDZGl2JTIwY2xhc3MlM0QlMjJjZXJyYXIlMjIlM0UlM0NpJTIwY2xhc3MlM0QlMjJmYXMlMjBmYS10aW1lcyUyMGZhLTN4JTIyJTNFJTNDJTJGaSUzRSUzQyUyRmRpdiUzRSUwQSUzQ3VsJTNFJTBBJTIwJTA5JTNDbGklM0UlM0NzdHJvbmclM0VSZXNwb25zYWJsZSUzQSUzQyUyRnN0cm9uZyUzRSUyMEZ1bmRhY2klQzMlQjNuJTIwVW5pdmVyc2lkYWQlMjBDYXJsb3MlMjBJSUklMEE5MTYyNDU3MDAlMkY5MTYyNDkzOTAlMjAlM0NhJTIwaHJlZiUzRCUyMm1haWx0byUzQWRzcG8lNDBmdW5kLnVjM20uZXMlMjIlM0Vkc3BvJTQwZnVuZC51YzNtLmVzJTNDJTJGYSUzRSUzQyUyRmxpJTNFJTBBJTIwJTA5JTNDbGklM0UlM0NzdHJvbmclM0VGaW5hbGlkYWQlMjBwcmluY2lwYWwlM0ElM0MlMkZzdHJvbmclM0UlMjBHZXN0aW9uYXIlMjBsYSUyMHNvbGljaXR1ZCUyMGRlJTIwaW5mb3JtYWNpJUMzJUIzbiUyMHklMkZvJTIwc3VnZXJlbmNpYXMlM0MlMkZsaSUzRSUwQSUyMCUwOSUzQ2xpJTNFJTNDc3Ryb25nJTNFTGVnaXRpbWFjaSVDMyVCM24lM0ElM0MlMkZzdHJvbmclM0UlMjBDb25zZW50aW1pZW50byUyMGRlbCUyMGludGVyZXNhZG8lMkMlMjBlamVjdWNpJUMzJUIzbiUyMGRlJTIwdW4lMjBjb250cmF0byUyMG8lMjBpbnRlciVDMyVBOXMlMjBsZWclQzMlQUR0aW1vLiUzQyUyRmxpJTNFJTBBJTIwJTA5JTNDbGklM0UlM0NzdHJvbmclM0VEZXN0aW5hdGFyaW9zJTNDJTJGc3Ryb25nJTNFJTNBJTIwU2UlMjBwb2RyJUMzJUExbiUyMGNlZGVyJTIwbG9zJTIwZGF0b3MlMjBhJTIwbGElMjBVbml2ZXJzaWRhZCUyMENhcmxvcyUyMElJSSUyMGRlJTIwTWFkcmlkJTJDJTIwZW1wcmVzYXMlMjBvJTIwaW5zdGl0dWNpb25lcyUyMGNvbGFib3JhZG9yYXMlM0MlMkZsaSUzRSUwQSUyMCUwOSUzQ2xpJTNFJTNDc3Ryb25nJTNFRGVyZWNob3MlM0ElM0MlMkZzdHJvbmclM0UlMjBhY2NlZGVyJTJDJTIwcmVjdGlmaWNhciUyMHklMjBzdXByaW1pciUyMGxvcyUyMGRhdG9zJTJDJTIwcG9ydGFiaWxpZGFkJTIwZGUlMjBsb3MlMjBkYXRvcyUyQyUyMGxpbWl0YWNpJUMzJUIzbiUyMHklMjBvcG9zaWNpJUMzJUIzbiUyMGElMjBzdSUyMHRyYXRhbWllbnRvJTJDJTIwdHJhbnNwYXJlbmNpYSUyMHklMjBkZXJlY2hvJTIwYSUyMG5vJTIwc2VyJTIwb2JqZXRvJTIwZGUlMjBkZWNpc2lvbmVzJTIwYXV0b21hdGl6YWRhcyUzQyUyRmxpJTNFJTBBJTIwJTA5JTNDbGklM0UlM0NzdHJvbmclM0VJbmZvcm1hY2klQzMlQjNuJTIwYWRpY2lvbmFsJTNBJTNDJTJGc3Ryb25nJTNFJTIwcHVlZGUlMjBjb25zdWx0YXIlMjBsYSUyMGluZm9ybWFjaSVDMyVCM24lMjBhZGljaW9uYWwlMjB5JTIwZGV0YWxsYWRhJTIwc29icmUlMjBudWVzdHJhJTIwcG9sJUMzJUFEdGljYSUyMGRlJTIwcHJpdmFjaWRhZCUyMGVuJTIwJTNDYSUyMGhyZWYlM0QlMjJodHRwcyUzQSUyRiUyRmZvcmVtcGxlby51YzNtLmVzJTJGZW1wcmVzYXMlMkZwb2xpdGljYS1kZS1wcml2YWNpZGFkJTJGJTIyJTNFaHR0cHMlM0ElMkYlMkZmb3JlbXBsZW8udWMzbS5lcyUyRmVtcHJlc2FzJTJGcG9saXRpY2EtZGUtcHJpdmFjaWRhZCUyRiUzQyUyRmElM0UlM0MlMkZsaSUzRSUwQSUyMCUwOSUzQ2xpJTNFJTNDc3Ryb25nJTNFRGF0YSUyMFByb3RlY3Rpb24lMjBPZmZpY2VyJTIwJTI4RFBPJTI5JTNBJTNDJTJGc3Ryb25nJTNFJTIwR1JVUE8lMjBBREFQVEFMSUElMjBMRUdBTCUyMCVFMiU4MCU5MyUyMEZPUk1BVElWTyUyMFMuTC4lMjAtJTIwOTElMjA1NTMlMjAzNCUyMDA4JTIwLSUyMCUzQ2ElMjBocmVmJTNEJTIybWFpbHRvJTNBbGVnYWwlNDBncnVwb2FkYXB0YWxpYS5lcyUyMiUzRWxlZ2FsJTQwZ3J1cG9hZGFwdGFsaWEuZXMlM0MlMkZhJTNFJTNDJTJGbGklM0UlMEElM0MlMkZ1bCUzRSUwQSUzQyUyRmRpdiUzRQ==[\/vc_raw_html]<\/div><\/div><\/div><div class=\"vc_col-sm-2 wpb_column vc_column_container\"><div class=\"vc_column-inner\"><div class=\"wpb_wrapper\"><\/div><\/div><\/div><\/div><\/div><\/section>\n","protected":false},"excerpt":{"rendered":"Informaci\u00f3n y contacto \u00bfList@ para conectar con el talento de la UC3M? Las plazas para empresas expositoras son limitadas. Rellena el siguiente formulario para solicitar tu espacio en la feria o para resolver cualquier duda sobre las modalidades de participaci\u00f3n. Nuestro equipo se pondr\u00e1 en contacto contigo a la mayor brevedad para formalizar tu inscripci\u00f3n...","protected":false},"author":1,"featured_media":0,"parent":0,"menu_order":0,"comment_status":"closed","ping_status":"closed","template":"","meta":{"footnotes":""},"class_list":["post-57","page","type-page","status-publish","hentry"],"yoast_head":"<!-- This site is optimized with the Yoast SEO plugin v27.4 - https:\/\/yoast.com\/product\/yoast-seo-wordpress\/ -->\n<title>Informaci\u00f3n y Contacto - Forempleo 2026 | 6 y 7 de octubre 2026<\/title>\n<meta name=\"robots\" content=\"index, follow, max-snippet:-1, max-image-preview:large, max-video-preview:-1\" \/>\n<link rel=\"canonical\" href=\"https:\/\/forempleo.uc3m.es\/empresas\/informacion-y-contacto\/\" \/>\n<meta property=\"og:locale\" content=\"es_ES\" \/>\n<meta property=\"og:type\" content=\"article\" \/>\n<meta property=\"og:title\" content=\"Informaci\u00f3n y Contacto - Forempleo 2026 | 6 y 7 de octubre 2026\" \/>\n<meta property=\"og:url\" content=\"https:\/\/forempleo.uc3m.es\/empresas\/informacion-y-contacto\/\" \/>\n<meta property=\"og:site_name\" content=\"Forempleo 2026 | 6 y 7 de octubre 2026\" \/>\n<meta property=\"article:modified_time\" content=\"2026-04-16T09:58:33+00:00\" \/>\n<meta name=\"twitter:card\" content=\"summary_large_image\" \/>\n<meta name=\"twitter:label1\" content=\"Tiempo de lectura\" \/>\n\t<meta name=\"twitter:data1\" content=\"1 minuto\" \/>\n<script type=\"application\/ld+json\" class=\"yoast-schema-graph\">{\"@context\":\"https:\\\/\\\/schema.org\",\"@graph\":[{\"@type\":\"WebPage\",\"@id\":\"https:\\\/\\\/forempleo.uc3m.es\\\/empresas\\\/informacion-y-contacto\\\/\",\"url\":\"https:\\\/\\\/forempleo.uc3m.es\\\/empresas\\\/informacion-y-contacto\\\/\",\"name\":\"Informaci\u00f3n y Contacto - Forempleo 2026 | 6 y 7 de octubre 2026\",\"isPartOf\":{\"@id\":\"https:\\\/\\\/forempleo.uc3m.es\\\/empresas\\\/#website\"},\"datePublished\":\"2026-03-12T16:00:45+00:00\",\"dateModified\":\"2026-04-16T09:58:33+00:00\",\"breadcrumb\":{\"@id\":\"https:\\\/\\\/forempleo.uc3m.es\\\/empresas\\\/informacion-y-contacto\\\/#breadcrumb\"},\"inLanguage\":\"es\",\"potentialAction\":[{\"@type\":\"ReadAction\",\"target\":[\"https:\\\/\\\/forempleo.uc3m.es\\\/empresas\\\/informacion-y-contacto\\\/\"]}]},{\"@type\":\"BreadcrumbList\",\"@id\":\"https:\\\/\\\/forempleo.uc3m.es\\\/empresas\\\/informacion-y-contacto\\\/#breadcrumb\",\"itemListElement\":[{\"@type\":\"ListItem\",\"position\":1,\"name\":\"Portada\",\"item\":\"https:\\\/\\\/forempleo.uc3m.es\\\/empresas\\\/\"},{\"@type\":\"ListItem\",\"position\":2,\"name\":\"Informaci\u00f3n y Contacto\"}]},{\"@type\":\"WebSite\",\"@id\":\"https:\\\/\\\/forempleo.uc3m.es\\\/empresas\\\/#website\",\"url\":\"https:\\\/\\\/forempleo.uc3m.es\\\/empresas\\\/\",\"name\":\"Forempleo 2026 | 6 y 7 de octubre 2026\",\"description\":\"\",\"publisher\":{\"@id\":\"https:\\\/\\\/forempleo.uc3m.es\\\/empresas\\\/#organization\"},\"potentialAction\":[{\"@type\":\"SearchAction\",\"target\":{\"@type\":\"EntryPoint\",\"urlTemplate\":\"https:\\\/\\\/forempleo.uc3m.es\\\/empresas\\\/?s={search_term_string}\"},\"query-input\":{\"@type\":\"PropertyValueSpecification\",\"valueRequired\":true,\"valueName\":\"search_term_string\"}}],\"inLanguage\":\"es\"},{\"@type\":\"Organization\",\"@id\":\"https:\\\/\\\/forempleo.uc3m.es\\\/empresas\\\/#organization\",\"name\":\"Fundaci\u00f3n Universidad Carlos III de Madrid\",\"url\":\"https:\\\/\\\/forempleo.uc3m.es\\\/empresas\\\/\",\"logo\":{\"@type\":\"ImageObject\",\"inLanguage\":\"es\",\"@id\":\"https:\\\/\\\/forempleo.uc3m.es\\\/empresas\\\/#\\\/schema\\\/logo\\\/image\\\/\",\"url\":\"https:\\\/\\\/forempleo.uc3m.es\\\/empresas\\\/wp-content\\\/uploads\\\/2026\\\/03\\\/fuciii_logo_blanco.png\",\"contentUrl\":\"https:\\\/\\\/forempleo.uc3m.es\\\/empresas\\\/wp-content\\\/uploads\\\/2026\\\/03\\\/fuciii_logo_blanco.png\",\"width\":963,\"height\":238,\"caption\":\"Fundaci\u00f3n Universidad Carlos III de Madrid\"},\"image\":{\"@id\":\"https:\\\/\\\/forempleo.uc3m.es\\\/empresas\\\/#\\\/schema\\\/logo\\\/image\\\/\"}}]}<\/script>\n<!-- \/ Yoast SEO plugin. -->","yoast_head_json":{"title":"Informaci\u00f3n y Contacto - Forempleo 2026 | 6 y 7 de octubre 2026","robots":{"index":"index","follow":"follow","max-snippet":"max-snippet:-1","max-image-preview":"max-image-preview:large","max-video-preview":"max-video-preview:-1"},"canonical":"https:\/\/forempleo.uc3m.es\/empresas\/informacion-y-contacto\/","og_locale":"es_ES","og_type":"article","og_title":"Informaci\u00f3n y Contacto - Forempleo 2026 | 6 y 7 de octubre 2026","og_url":"https:\/\/forempleo.uc3m.es\/empresas\/informacion-y-contacto\/","og_site_name":"Forempleo 2026 | 6 y 7 de octubre 2026","article_modified_time":"2026-04-16T09:58:33+00:00","twitter_card":"summary_large_image","twitter_misc":{"Tiempo de lectura":"1 minuto"},"schema":{"@context":"https:\/\/schema.org","@graph":[{"@type":"WebPage","@id":"https:\/\/forempleo.uc3m.es\/empresas\/informacion-y-contacto\/","url":"https:\/\/forempleo.uc3m.es\/empresas\/informacion-y-contacto\/","name":"Informaci\u00f3n y Contacto - Forempleo 2026 | 6 y 7 de octubre 2026","isPartOf":{"@id":"https:\/\/forempleo.uc3m.es\/empresas\/#website"},"datePublished":"2026-03-12T16:00:45+00:00","dateModified":"2026-04-16T09:58:33+00:00","breadcrumb":{"@id":"https:\/\/forempleo.uc3m.es\/empresas\/informacion-y-contacto\/#breadcrumb"},"inLanguage":"es","potentialAction":[{"@type":"ReadAction","target":["https:\/\/forempleo.uc3m.es\/empresas\/informacion-y-contacto\/"]}]},{"@type":"BreadcrumbList","@id":"https:\/\/forempleo.uc3m.es\/empresas\/informacion-y-contacto\/#breadcrumb","itemListElement":[{"@type":"ListItem","position":1,"name":"Portada","item":"https:\/\/forempleo.uc3m.es\/empresas\/"},{"@type":"ListItem","position":2,"name":"Informaci\u00f3n y Contacto"}]},{"@type":"WebSite","@id":"https:\/\/forempleo.uc3m.es\/empresas\/#website","url":"https:\/\/forempleo.uc3m.es\/empresas\/","name":"Forempleo 2026 | 6 y 7 de octubre 2026","description":"","publisher":{"@id":"https:\/\/forempleo.uc3m.es\/empresas\/#organization"},"potentialAction":[{"@type":"SearchAction","target":{"@type":"EntryPoint","urlTemplate":"https:\/\/forempleo.uc3m.es\/empresas\/?s={search_term_string}"},"query-input":{"@type":"PropertyValueSpecification","valueRequired":true,"valueName":"search_term_string"}}],"inLanguage":"es"},{"@type":"Organization","@id":"https:\/\/forempleo.uc3m.es\/empresas\/#organization","name":"Fundaci\u00f3n Universidad Carlos III de Madrid","url":"https:\/\/forempleo.uc3m.es\/empresas\/","logo":{"@type":"ImageObject","inLanguage":"es","@id":"https:\/\/forempleo.uc3m.es\/empresas\/#\/schema\/logo\/image\/","url":"https:\/\/forempleo.uc3m.es\/empresas\/wp-content\/uploads\/2026\/03\/fuciii_logo_blanco.png","contentUrl":"https:\/\/forempleo.uc3m.es\/empresas\/wp-content\/uploads\/2026\/03\/fuciii_logo_blanco.png","width":963,"height":238,"caption":"Fundaci\u00f3n Universidad Carlos III de Madrid"},"image":{"@id":"https:\/\/forempleo.uc3m.es\/empresas\/#\/schema\/logo\/image\/"}}]}},"_links":{"self":[{"href":"https:\/\/forempleo.uc3m.es\/empresas\/wp-json\/wp\/v2\/pages\/57","targetHints":{"allow":["GET"]}}],"collection":[{"href":"https:\/\/forempleo.uc3m.es\/empresas\/wp-json\/wp\/v2\/pages"}],"about":[{"href":"https:\/\/forempleo.uc3m.es\/empresas\/wp-json\/wp\/v2\/types\/page"}],"author":[{"embeddable":true,"href":"https:\/\/forempleo.uc3m.es\/empresas\/wp-json\/wp\/v2\/users\/1"}],"replies":[{"embeddable":true,"href":"https:\/\/forempleo.uc3m.es\/empresas\/wp-json\/wp\/v2\/comments?post=57"}],"version-history":[{"count":17,"href":"https:\/\/forempleo.uc3m.es\/empresas\/wp-json\/wp\/v2\/pages\/57\/revisions"}],"predecessor-version":[{"id":442,"href":"https:\/\/forempleo.uc3m.es\/empresas\/wp-json\/wp\/v2\/pages\/57\/revisions\/442"}],"wp:attachment":[{"href":"https:\/\/forempleo.uc3m.es\/empresas\/wp-json\/wp\/v2\/media?parent=57"}],"curies":[{"name":"wp","href":"https:\/\/api.w.org\/{rel}","templated":true}]}}