{"id":6719,"date":"2019-08-29T11:48:29","date_gmt":"2019-08-29T11:48:29","guid":{"rendered":"https:\/\/www.forempleo.com\/alumnos2020\/?page_id=6719"},"modified":"2020-01-28T12:07:01","modified_gmt":"2020-01-28T11:07:01","slug":"escape-room","status":"publish","type":"page","link":"https:\/\/forempleo.uc3m.es\/alumnos2023\/escape-room\/","title":{"rendered":"Escape room"},"content":{"rendered":"<section class=\"l-section wpb_row height_medium\"><div class=\"l-section-h i-cf\"><div class=\"g-cols vc_row via_flex valign_top type_default stacking_default\"><div class=\"vc_col-sm-12 wpb_column vc_column_container\"><div class=\"vc_column-inner\"><div class=\"wpb_wrapper\"><div class=\"g-cols wpb_row via_flex valign_top type_default stacking_default\"><div class=\"vc_col-sm-12 wpb_column vc_column_container\"><div class=\"vc_column-inner\"><div class=\"wpb_wrapper\"><div class=\"wpb_text_column\"><div class=\"wpb_wrapper\"><h1 style=\"text-align: center;\">Escape Room<strong><br \/>\n<\/strong><\/h1>\n<\/div><\/div><div class=\"w-image align_center\"><div class=\"w-image-h\"><img decoding=\"async\" width=\"300\" height=\"70\" src=\"https:\/\/forempleo.uc3m.es\/alumnos2023\/wp-content\/uploads\/sites\/17\/2019\/08\/capgemini-1.jpg\" class=\"attachment-large size-large\" alt=\"\" loading=\"lazy\" \/><\/div><\/div><div class=\"ult-spacer spacer-69df25512f907\" data-id=\"69df25512f907\" data-height=\"10\" data-height-mobile=\"10\" data-height-tab=\"10\" data-height-tab-portrait=\"\" data-height-mobile-landscape=\"\" style=\"clear:both;display:block;\"><\/div><div class=\"wpb_text_column\"><div class=\"wpb_wrapper\"><h4 style=\"text-align: center;\">\u00a1CAPGEMINI organiza un Escape Room en Forempleo!<\/h4>\n<p style=\"text-align: center;\">Buscan estudiantes de Grado y M\u00e1ster con inter\u00e9s en incorporarse a una multinacional IT, con esp\u00edritu colaborativo y ganas de crecer profesionalmente de la mano de clientes de renombre en sus respectivos sectores. En esencia, buscan personas que quieran poner la tecnolog\u00eda al servicio de las personas, con pasi\u00f3n por el trabajo en equipo y los proyectos internacionales.<\/p>\n<p style=\"text-align: center;\">Si te interesa, reg\u00edstrate y participa en esta actividad. Capgemini recibir\u00e1 todos los CV\u00b4s y citar\u00e1 a los candidatos seleccionados en el aula y a la hora que corresponda a cada grupo. Ser\u00e1 el d\u00eda 3 de octubre, entre las 10:00 y las 13:00 horas en el Campus de Legan\u00e9s.<\/p>\n<\/div><\/div><div class=\"ult-spacer spacer-69df25512facf\" data-id=\"69df25512facf\" data-height=\"10\" data-height-mobile=\"10\" data-height-tab=\"10\" data-height-tab-portrait=\"\" data-height-mobile-landscape=\"\" style=\"clear:both;display:block;\"><\/div><div class=\"w-btn-wrapper align_center\"><button class=\"w-btn us-btn-style_4 us_custom_3d6bfe27\"><span class=\"w-btn-label\">Plazo Cerrado<\/span><\/button><\/div><\/div><\/div><\/div><\/div><\/div><\/div><\/div><\/div><\/div><\/section><section class=\"l-section wpb_row height_medium\"><div class=\"l-section-h i-cf\"><div class=\"g-cols vc_row via_flex valign_top type_default stacking_default\"><div class=\"vc_col-sm-12 wpb_column vc_column_container\"><div class=\"vc_column-inner\"><div class=\"wpb_wrapper\"><div class=\"wpb_text_column us_custom_9bbbe76c\"><div class=\"wpb_wrapper\"><h3 style=\"text-align: center;\"><span style=\"color: #ffffff;\">Empresas patrocinadoras<\/span><\/h3>\n<\/div><\/div><div class=\"w-separator size_small\"><\/div><div class=\"g-cols wpb_row us_custom_7d5e32d4 via_flex valign_top type_default stacking_default\"><div class=\"vc_col-sm-2 wpb_column vc_column_container\"><div class=\"vc_column-inner us_custom_7d5e32d4\"><div class=\"wpb_wrapper\"><div class=\"w-image us_custom_fab4abd9 align_none\"><a target=\" _blank\" rel=\"nofollow\" href=\"https:\/\/www.accenture.com\/es-es\/careers\" aria-label=\"Patrocinadores-500x500px-accenture\" class=\"w-image-h\"><img decoding=\"async\" width=\"500\" height=\"500\" src=\"https:\/\/forempleo.uc3m.es\/alumnos2023\/wp-content\/uploads\/sites\/17\/2019\/07\/Patrocinadores-500x500px-accenture.jpg\" class=\"attachment-large size-large\" alt=\"\" loading=\"lazy\" srcset=\"https:\/\/forempleo.uc3m.es\/alumnos2023\/wp-content\/uploads\/sites\/17\/2019\/07\/Patrocinadores-500x500px-accenture.jpg 500w, https:\/\/forempleo.uc3m.es\/alumnos2023\/wp-content\/uploads\/sites\/17\/2019\/07\/Patrocinadores-500x500px-accenture-150x150.jpg 150w, https:\/\/forempleo.uc3m.es\/alumnos2023\/wp-content\/uploads\/sites\/17\/2019\/07\/Patrocinadores-500x500px-accenture-300x300.jpg 300w, https:\/\/forempleo.uc3m.es\/alumnos2023\/wp-content\/uploads\/sites\/17\/2019\/07\/Patrocinadores-500x500px-accenture-350x350.jpg 350w\" sizes=\"auto, (max-width: 500px) 100vw, 500px\" \/><\/a><\/div><\/div><\/div><\/div><div class=\"vc_col-sm-2 wpb_column vc_column_container\"><div class=\"vc_column-inner\"><div class=\"wpb_wrapper\"><div class=\"w-image align_none\"><a target=\" _blank\" rel=\"nofollow\" href=\"https:\/\/careers.bbva.com\/es\/\" aria-label=\"Patrocinadores-500x500px-bbva (1)\" class=\"w-image-h\"><img decoding=\"async\" width=\"500\" height=\"500\" src=\"https:\/\/forempleo.uc3m.es\/alumnos2023\/wp-content\/uploads\/sites\/17\/2019\/07\/Patrocinadores-500x500px-bbva-1.jpg\" class=\"attachment-large size-large\" alt=\"\" loading=\"lazy\" srcset=\"https:\/\/forempleo.uc3m.es\/alumnos2023\/wp-content\/uploads\/sites\/17\/2019\/07\/Patrocinadores-500x500px-bbva-1.jpg 500w, https:\/\/forempleo.uc3m.es\/alumnos2023\/wp-content\/uploads\/sites\/17\/2019\/07\/Patrocinadores-500x500px-bbva-1-150x150.jpg 150w, https:\/\/forempleo.uc3m.es\/alumnos2023\/wp-content\/uploads\/sites\/17\/2019\/07\/Patrocinadores-500x500px-bbva-1-300x300.jpg 300w, https:\/\/forempleo.uc3m.es\/alumnos2023\/wp-content\/uploads\/sites\/17\/2019\/07\/Patrocinadores-500x500px-bbva-1-350x350.jpg 350w\" sizes=\"auto, (max-width: 500px) 100vw, 500px\" \/><\/a><\/div><\/div><\/div><\/div><div class=\"vc_col-sm-2 wpb_column vc_column_container\"><div class=\"vc_column-inner\"><div class=\"wpb_wrapper\"><div class=\"w-image align_none\"><a target=\" _blank\" rel=\"nofollow\" href=\"http:\/\/www.dxc.technology\/es\" aria-label=\"Patrocinadores-500x500px-dxc\" class=\"w-image-h\"><img decoding=\"async\" width=\"500\" height=\"500\" src=\"https:\/\/forempleo.uc3m.es\/alumnos2023\/wp-content\/uploads\/sites\/17\/2019\/07\/Patrocinadores-500x500px-dxc.jpg\" class=\"attachment-large size-large\" alt=\"\" loading=\"lazy\" srcset=\"https:\/\/forempleo.uc3m.es\/alumnos2023\/wp-content\/uploads\/sites\/17\/2019\/07\/Patrocinadores-500x500px-dxc.jpg 500w, https:\/\/forempleo.uc3m.es\/alumnos2023\/wp-content\/uploads\/sites\/17\/2019\/07\/Patrocinadores-500x500px-dxc-150x150.jpg 150w, https:\/\/forempleo.uc3m.es\/alumnos2023\/wp-content\/uploads\/sites\/17\/2019\/07\/Patrocinadores-500x500px-dxc-300x300.jpg 300w, https:\/\/forempleo.uc3m.es\/alumnos2023\/wp-content\/uploads\/sites\/17\/2019\/07\/Patrocinadores-500x500px-dxc-350x350.jpg 350w\" sizes=\"auto, (max-width: 500px) 100vw, 500px\" \/><\/a><\/div><\/div><\/div><\/div><div class=\"vc_col-sm-2 wpb_column vc_column_container\"><div class=\"vc_column-inner\"><div class=\"wpb_wrapper\"><div class=\"w-image align_none\"><div class=\"w-image-h\"><img decoding=\"async\" width=\"500\" height=\"500\" src=\"https:\/\/forempleo.uc3m.es\/alumnos2023\/wp-content\/uploads\/sites\/17\/2019\/07\/Patrocinadores-500x500px-ey.jpg\" class=\"attachment-large size-large\" alt=\"\" loading=\"lazy\" srcset=\"https:\/\/forempleo.uc3m.es\/alumnos2023\/wp-content\/uploads\/sites\/17\/2019\/07\/Patrocinadores-500x500px-ey.jpg 500w, https:\/\/forempleo.uc3m.es\/alumnos2023\/wp-content\/uploads\/sites\/17\/2019\/07\/Patrocinadores-500x500px-ey-150x150.jpg 150w, https:\/\/forempleo.uc3m.es\/alumnos2023\/wp-content\/uploads\/sites\/17\/2019\/07\/Patrocinadores-500x500px-ey-300x300.jpg 300w, https:\/\/forempleo.uc3m.es\/alumnos2023\/wp-content\/uploads\/sites\/17\/2019\/07\/Patrocinadores-500x500px-ey-350x350.jpg 350w\" sizes=\"auto, (max-width: 500px) 100vw, 500px\" \/><\/div><\/div><\/div><\/div><\/div><div class=\"vc_col-sm-2 wpb_column vc_column_container\"><div class=\"vc_column-inner\"><div class=\"wpb_wrapper\"><div class=\"w-image align_none\"><div class=\"w-image-h\"><img decoding=\"async\" width=\"500\" height=\"500\" src=\"https:\/\/forempleo.uc3m.es\/alumnos2023\/wp-content\/uploads\/sites\/17\/2019\/07\/Patrocinadores-500x500px-indra.jpg\" class=\"attachment-large size-large\" alt=\"\" loading=\"lazy\" srcset=\"https:\/\/forempleo.uc3m.es\/alumnos2023\/wp-content\/uploads\/sites\/17\/2019\/07\/Patrocinadores-500x500px-indra.jpg 500w, https:\/\/forempleo.uc3m.es\/alumnos2023\/wp-content\/uploads\/sites\/17\/2019\/07\/Patrocinadores-500x500px-indra-150x150.jpg 150w, https:\/\/forempleo.uc3m.es\/alumnos2023\/wp-content\/uploads\/sites\/17\/2019\/07\/Patrocinadores-500x500px-indra-300x300.jpg 300w, https:\/\/forempleo.uc3m.es\/alumnos2023\/wp-content\/uploads\/sites\/17\/2019\/07\/Patrocinadores-500x500px-indra-350x350.jpg 350w\" sizes=\"auto, (max-width: 500px) 100vw, 500px\" \/><\/div><\/div><\/div><\/div><\/div><div class=\"vc_col-sm-2 wpb_column vc_column_container\"><div class=\"vc_column-inner\"><div class=\"wpb_wrapper\"><div class=\"w-image align_center\"><a target=\" _blank\" rel=\"nofollow\" href=\"https:\/\/www.salesforce.com\/es\/\" aria-label=\"Patrocinadores-500x500px-salesforce\" class=\"w-image-h\"><img decoding=\"async\" width=\"500\" height=\"500\" src=\"https:\/\/forempleo.uc3m.es\/alumnos2023\/wp-content\/uploads\/sites\/17\/2019\/07\/Patrocinadores-500x500px-salesforce.jpg\" class=\"attachment-large size-large\" alt=\"\" loading=\"lazy\" srcset=\"https:\/\/forempleo.uc3m.es\/alumnos2023\/wp-content\/uploads\/sites\/17\/2019\/07\/Patrocinadores-500x500px-salesforce.jpg 500w, https:\/\/forempleo.uc3m.es\/alumnos2023\/wp-content\/uploads\/sites\/17\/2019\/07\/Patrocinadores-500x500px-salesforce-150x150.jpg 150w, https:\/\/forempleo.uc3m.es\/alumnos2023\/wp-content\/uploads\/sites\/17\/2019\/07\/Patrocinadores-500x500px-salesforce-300x300.jpg 300w, https:\/\/forempleo.uc3m.es\/alumnos2023\/wp-content\/uploads\/sites\/17\/2019\/07\/Patrocinadores-500x500px-salesforce-350x350.jpg 350w\" sizes=\"auto, (max-width: 500px) 100vw, 500px\" \/><\/a><\/div><\/div><\/div><\/div><\/div><\/div><\/div><\/div><\/div><\/div><\/section><div class=\"vc_col-sm-12 wpb_column vc_column_container\"><div class=\"vc_column-inner us_custom_7d5e32d4\"><div class=\"wpb_wrapper\"><\/div><\/div><\/div>\n","protected":false},"excerpt":{"rendered":"Escape Room \u00a1CAPGEMINI organiza un Escape Room en Forempleo! Buscan estudiantes de Grado y M\u00e1ster con inter\u00e9s en incorporarse a una multinacional IT, con esp\u00edritu colaborativo y ganas de crecer profesionalmente de la mano de clientes de renombre en sus respectivos sectores. En esencia, buscan personas que quieran poner la tecnolog\u00eda al servicio de las...","protected":false},"author":4,"featured_media":0,"parent":0,"menu_order":0,"comment_status":"closed","ping_status":"closed","template":"","meta":{"footnotes":""},"class_list":["post-6719","page","type-page","status-publish","hentry"],"yoast_head":"<!-- This site is optimized with the Yoast SEO plugin v27.4 - https:\/\/yoast.com\/product\/yoast-seo-wordpress\/ -->\n<title>Escape room - Forempleo 2023<\/title>\n<meta name=\"robots\" content=\"index, follow, max-snippet:-1, max-image-preview:large, max-video-preview:-1\" \/>\n<link rel=\"canonical\" href=\"https:\/\/forempleo.uc3m.es\/alumnos2023\/es\/escape-room\/\" \/>\n<meta property=\"og:locale\" content=\"es_ES\" \/>\n<meta property=\"og:type\" content=\"article\" \/>\n<meta property=\"og:title\" content=\"Escape room - Forempleo 2023\" \/>\n<meta property=\"og:url\" content=\"https:\/\/forempleo.uc3m.es\/alumnos2023\/es\/escape-room\/\" \/>\n<meta property=\"og:site_name\" content=\"Forempleo 2023\" \/>\n<meta property=\"article:publisher\" content=\"https:\/\/www.facebook.com\/Forempleo-2017-1184284735049966\/\" \/>\n<meta property=\"article:modified_time\" content=\"2020-01-28T11:07:01+00:00\" \/>\n<meta name=\"twitter:card\" content=\"summary_large_image\" \/>\n<meta name=\"twitter:site\" content=\"@forempleoUC3M\" \/>\n<meta name=\"twitter:label1\" content=\"Tiempo de lectura\" \/>\n\t<meta name=\"twitter:data1\" content=\"3 minutos\" \/>\n<script type=\"application\/ld+json\" class=\"yoast-schema-graph\">{\"@context\":\"https:\\\/\\\/schema.org\",\"@graph\":[{\"@type\":\"WebPage\",\"@id\":\"https:\\\/\\\/forempleo.uc3m.es\\\/alumnos2023\\\/es\\\/escape-room\\\/\",\"url\":\"https:\\\/\\\/forempleo.uc3m.es\\\/alumnos2023\\\/es\\\/escape-room\\\/\",\"name\":\"Escape room - Forempleo 2023\",\"isPartOf\":{\"@id\":\"https:\\\/\\\/forempleo.uc3m.es\\\/alumnos2020\\\/es\\\/home\\\/#website\"},\"datePublished\":\"2019-08-29T11:48:29+00:00\",\"dateModified\":\"2020-01-28T11:07:01+00:00\",\"breadcrumb\":{\"@id\":\"https:\\\/\\\/forempleo.uc3m.es\\\/alumnos2023\\\/es\\\/escape-room\\\/#breadcrumb\"},\"inLanguage\":\"es\",\"potentialAction\":[{\"@type\":\"ReadAction\",\"target\":[\"https:\\\/\\\/forempleo.uc3m.es\\\/alumnos2023\\\/es\\\/escape-room\\\/\"]}]},{\"@type\":\"BreadcrumbList\",\"@id\":\"https:\\\/\\\/forempleo.uc3m.es\\\/alumnos2023\\\/es\\\/escape-room\\\/#breadcrumb\",\"itemListElement\":[{\"@type\":\"ListItem\",\"position\":1,\"name\":\"Portada\",\"item\":\"https:\\\/\\\/forempleo.uc3m.es\\\/alumnos2023\\\/\"},{\"@type\":\"ListItem\",\"position\":2,\"name\":\"Escape room\"}]},{\"@type\":\"WebSite\",\"@id\":\"https:\\\/\\\/forempleo.uc3m.es\\\/alumnos2020\\\/es\\\/home\\\/#website\",\"url\":\"https:\\\/\\\/forempleo.uc3m.es\\\/alumnos2020\\\/es\\\/home\\\/\",\"name\":\"Forempleo 2023\",\"description\":\"La Feria de Empleo Universitario m\u00e1s importante de Espa\u00f1a\",\"potentialAction\":[{\"@type\":\"SearchAction\",\"target\":{\"@type\":\"EntryPoint\",\"urlTemplate\":\"https:\\\/\\\/forempleo.uc3m.es\\\/alumnos2020\\\/es\\\/home\\\/?s={search_term_string}\"},\"query-input\":{\"@type\":\"PropertyValueSpecification\",\"valueRequired\":true,\"valueName\":\"search_term_string\"}}],\"inLanguage\":\"es\"}]}<\/script>\n<!-- \/ Yoast SEO plugin. -->","yoast_head_json":{"title":"Escape room - Forempleo 2023","robots":{"index":"index","follow":"follow","max-snippet":"max-snippet:-1","max-image-preview":"max-image-preview:large","max-video-preview":"max-video-preview:-1"},"canonical":"https:\/\/forempleo.uc3m.es\/alumnos2023\/es\/escape-room\/","og_locale":"es_ES","og_type":"article","og_title":"Escape room - Forempleo 2023","og_url":"https:\/\/forempleo.uc3m.es\/alumnos2023\/es\/escape-room\/","og_site_name":"Forempleo 2023","article_publisher":"https:\/\/www.facebook.com\/Forempleo-2017-1184284735049966\/","article_modified_time":"2020-01-28T11:07:01+00:00","twitter_card":"summary_large_image","twitter_site":"@forempleoUC3M","twitter_misc":{"Tiempo de lectura":"3 minutos"},"schema":{"@context":"https:\/\/schema.org","@graph":[{"@type":"WebPage","@id":"https:\/\/forempleo.uc3m.es\/alumnos2023\/es\/escape-room\/","url":"https:\/\/forempleo.uc3m.es\/alumnos2023\/es\/escape-room\/","name":"Escape room - Forempleo 2023","isPartOf":{"@id":"https:\/\/forempleo.uc3m.es\/alumnos2020\/es\/home\/#website"},"datePublished":"2019-08-29T11:48:29+00:00","dateModified":"2020-01-28T11:07:01+00:00","breadcrumb":{"@id":"https:\/\/forempleo.uc3m.es\/alumnos2023\/es\/escape-room\/#breadcrumb"},"inLanguage":"es","potentialAction":[{"@type":"ReadAction","target":["https:\/\/forempleo.uc3m.es\/alumnos2023\/es\/escape-room\/"]}]},{"@type":"BreadcrumbList","@id":"https:\/\/forempleo.uc3m.es\/alumnos2023\/es\/escape-room\/#breadcrumb","itemListElement":[{"@type":"ListItem","position":1,"name":"Portada","item":"https:\/\/forempleo.uc3m.es\/alumnos2023\/"},{"@type":"ListItem","position":2,"name":"Escape room"}]},{"@type":"WebSite","@id":"https:\/\/forempleo.uc3m.es\/alumnos2020\/es\/home\/#website","url":"https:\/\/forempleo.uc3m.es\/alumnos2020\/es\/home\/","name":"Forempleo 2023","description":"La Feria de Empleo Universitario m\u00e1s importante de Espa\u00f1a","potentialAction":[{"@type":"SearchAction","target":{"@type":"EntryPoint","urlTemplate":"https:\/\/forempleo.uc3m.es\/alumnos2020\/es\/home\/?s={search_term_string}"},"query-input":{"@type":"PropertyValueSpecification","valueRequired":true,"valueName":"search_term_string"}}],"inLanguage":"es"}]}},"_links":{"self":[{"href":"https:\/\/forempleo.uc3m.es\/alumnos2023\/wp-json\/wp\/v2\/pages\/6719","targetHints":{"allow":["GET"]}}],"collection":[{"href":"https:\/\/forempleo.uc3m.es\/alumnos2023\/wp-json\/wp\/v2\/pages"}],"about":[{"href":"https:\/\/forempleo.uc3m.es\/alumnos2023\/wp-json\/wp\/v2\/types\/page"}],"author":[{"embeddable":true,"href":"https:\/\/forempleo.uc3m.es\/alumnos2023\/wp-json\/wp\/v2\/users\/4"}],"replies":[{"embeddable":true,"href":"https:\/\/forempleo.uc3m.es\/alumnos2023\/wp-json\/wp\/v2\/comments?post=6719"}],"version-history":[{"count":22,"href":"https:\/\/forempleo.uc3m.es\/alumnos2023\/wp-json\/wp\/v2\/pages\/6719\/revisions"}],"predecessor-version":[{"id":7253,"href":"https:\/\/forempleo.uc3m.es\/alumnos2023\/wp-json\/wp\/v2\/pages\/6719\/revisions\/7253"}],"wp:attachment":[{"href":"https:\/\/forempleo.uc3m.es\/alumnos2023\/wp-json\/wp\/v2\/media?parent=6719"}],"curies":[{"name":"wp","href":"https:\/\/api.w.org\/{rel}","templated":true}]}}